{"id":13101,"date":"2026-03-19T22:59:10","date_gmt":"2026-03-19T22:59:10","guid":{"rendered":"https:\/\/eltiosam.com.mx\/index.php\/product\/refrigerador-french-door-32p3-samsung-rf32cg5a10s9em-2\/"},"modified":"2026-03-20T02:43:18","modified_gmt":"2026-03-20T02:43:18","slug":"refrigerador-french-door-32p3-samsung-rf32cg5a10s9em-2","status":"publish","type":"product","link":"https:\/\/eltiosam.com.mx\/index.php\/product\/refrigerador-french-door-32p3-samsung-rf32cg5a10s9em-2\/","title":{"rendered":"REFRIGERADOR FRENCH DOOR 32P3 SAMSUNG RF32CG5A10S9EM"},"content":{"rendered":"<p>Es tiempo de renovar tu cocina para hacerla m\u00e1s pr\u00e1ctica y llamativa. El\u00a0<strong>refrigerador Samsung\u00a0<\/strong>es una opci\u00f3n ideal.<\/p>\n<p>&nbsp;<\/p>\n<p>El electrodom\u00e9stico color\u00a0<strong>plateado\u00a0<\/strong>tiene una capacidad de\u00a0<strong>32 pies<\/strong>\u00a0c\u00fabicos, de tipo\u00a0<strong>french\u00a0<\/strong>door, d\u00e1ndote gran espacio y diversos compartimentos para lograr una mejor organizaci\u00f3n de tus alimentos. Tambi\u00e9n dispone de tecnolog\u00eda digital\u00a0<strong>inverter<\/strong>, que lo hace ahorrador de energ\u00eda.<\/p>\n<p>&nbsp;<\/p>\n<p>Cuenta con dos puertas y sistema de enfriamiento\u00a0<i>all around-colling<\/i>. Viene con 2 cajones para frutas y verduras, iluminaci\u00f3n LED y<i>\u00a0tecnolog\u00eda space max y power cool<\/i>. Tambi\u00e9n trae\u00a0<strong>cuatro parrillas<\/strong>\u00a0de cristal templado y seis anaqueles de contrapuerta. Cuenta con compresor, cuya garant\u00eda es de 20 a\u00f1os.<\/p>\n","protected":false},"excerpt":{"rendered":"<p>Es tiempo de renovar tu cocina para hacerla m\u00e1s pr\u00e1ctica y llamativa. El\u00a0refrigerador Samsung\u00a0es una opci\u00f3n ideal. &nbsp; El electrodom\u00e9stico color\u00a0plateado\u00a0tiene una capacidad de\u00a032 pies\u00a0c\u00fabicos, de tipo\u00a0french\u00a0door, d\u00e1ndote gran espacio y diversos compartimentos para lograr una mejor organizaci\u00f3n de tus alimentos. Tambi\u00e9n dispone de tecnolog\u00eda digital\u00a0inverter, que lo hace ahorrador de energ\u00eda. &nbsp; Cuenta con [&hellip;]<\/p>\n","protected":false},"featured_media":13189,"template":"","meta":{"_joinchat":[]},"product_brand":[],"product_cat":[20],"product_tag":[265],"class_list":{"0":"post-13101","1":"product","2":"type-product","3":"status-publish","4":"has-post-thumbnail","6":"product_cat-refrigeracion","7":"product_tag-samsung","9":"first","10":"instock","11":"shipping-taxable","12":"product-type-simple"},"_links":{"self":[{"href":"https:\/\/eltiosam.com.mx\/index.php\/wp-json\/wp\/v2\/product\/13101","targetHints":{"allow":["GET"]}}],"collection":[{"href":"https:\/\/eltiosam.com.mx\/index.php\/wp-json\/wp\/v2\/product"}],"about":[{"href":"https:\/\/eltiosam.com.mx\/index.php\/wp-json\/wp\/v2\/types\/product"}],"wp:featuredmedia":[{"embeddable":true,"href":"https:\/\/eltiosam.com.mx\/index.php\/wp-json\/wp\/v2\/media\/13189"}],"wp:attachment":[{"href":"https:\/\/eltiosam.com.mx\/index.php\/wp-json\/wp\/v2\/media?parent=13101"}],"wp:term":[{"taxonomy":"product_brand","embeddable":true,"href":"https:\/\/eltiosam.com.mx\/index.php\/wp-json\/wp\/v2\/product_brand?post=13101"},{"taxonomy":"product_cat","embeddable":true,"href":"https:\/\/eltiosam.com.mx\/index.php\/wp-json\/wp\/v2\/product_cat?post=13101"},{"taxonomy":"product_tag","embeddable":true,"href":"https:\/\/eltiosam.com.mx\/index.php\/wp-json\/wp\/v2\/product_tag?post=13101"}],"curies":[{"name":"wp","href":"https:\/\/api.w.org\/{rel}","templated":true}]}}