{"id":1309,"date":"2023-11-11T21:57:33","date_gmt":"2023-11-11T21:57:33","guid":{"rendered":"http:\/\/eltiosam.com.mx\/?post_type=product&#038;p=1309"},"modified":"2025-06-09T23:08:51","modified_gmt":"2025-06-09T23:08:51","slug":"frigidaire-professional-refrigerador-y-congelador-fpru19f8wf","status":"publish","type":"product","link":"https:\/\/eltiosam.com.mx\/index.php\/product\/frigidaire-professional-refrigerador-y-congelador-fpru19f8wf\/","title":{"rendered":"Frigidaire Professional &#8211; Refrigerador y Congelador  (FPRU19F8WF)"},"content":{"rendered":"<p><strong>Descripci\u00f3n:<\/strong><\/p>\n<p>Columna de refrigerador con 18.6 Cu. Pie. Capacidad, dispensador de agua interno, organizaci\u00f3n SpaceWise, cajones para verduras CrispSeal, enfriamiento EvenTemp, alarma de puerta, alarma de temperatura y modo sab\u00e1tico. Capacidad, dispensador de agua interno, organizaci\u00f3n SpaceWise, cajones para frutas CrispSeal, enfriamiento EvenTemp, alarma de puerta, alarma de temperatura y modo sab\u00e1tico<\/p>\n","protected":false},"excerpt":{"rendered":"<p>Nuevo Refrigerador y Congelador 19 pies c\u00fabicos Frigidaire Professional Acero Inoxidable.<\/p>\n","protected":false},"featured_media":7033,"template":"","meta":{"_joinchat":[]},"product_brand":[],"product_cat":[20,41],"product_tag":[51],"class_list":{"0":"post-1309","1":"product","2":"type-product","3":"status-publish","4":"has-post-thumbnail","6":"product_cat-refrigeracion","7":"product_cat-refrigeradores","8":"product_tag-frigidaire","10":"first","11":"outofstock","12":"shipping-taxable","13":"product-type-simple"},"_links":{"self":[{"href":"https:\/\/eltiosam.com.mx\/index.php\/wp-json\/wp\/v2\/product\/1309","targetHints":{"allow":["GET"]}}],"collection":[{"href":"https:\/\/eltiosam.com.mx\/index.php\/wp-json\/wp\/v2\/product"}],"about":[{"href":"https:\/\/eltiosam.com.mx\/index.php\/wp-json\/wp\/v2\/types\/product"}],"wp:featuredmedia":[{"embeddable":true,"href":"https:\/\/eltiosam.com.mx\/index.php\/wp-json\/wp\/v2\/media\/7033"}],"wp:attachment":[{"href":"https:\/\/eltiosam.com.mx\/index.php\/wp-json\/wp\/v2\/media?parent=1309"}],"wp:term":[{"taxonomy":"product_brand","embeddable":true,"href":"https:\/\/eltiosam.com.mx\/index.php\/wp-json\/wp\/v2\/product_brand?post=1309"},{"taxonomy":"product_cat","embeddable":true,"href":"https:\/\/eltiosam.com.mx\/index.php\/wp-json\/wp\/v2\/product_cat?post=1309"},{"taxonomy":"product_tag","embeddable":true,"href":"https:\/\/eltiosam.com.mx\/index.php\/wp-json\/wp\/v2\/product_tag?post=1309"}],"curies":[{"name":"wp","href":"https:\/\/api.w.org\/{rel}","templated":true}]}}