{"id":13077,"date":"2026-03-19T22:59:07","date_gmt":"2026-03-19T22:59:07","guid":{"rendered":"https:\/\/eltiosam.com.mx\/index.php\/product\/horno-doble-electrico-30-kitchen-aid-koed530pbs-2\/"},"modified":"2026-03-20T02:29:55","modified_gmt":"2026-03-20T02:29:55","slug":"horno-doble-electrico-30-kitchen-aid-koed530pbs-2","status":"publish","type":"product","link":"https:\/\/eltiosam.com.mx\/index.php\/product\/horno-doble-electrico-30-kitchen-aid-koed530pbs-2\/","title":{"rendered":"HORNO DOBLE EL\u00c9CTRICO 30&#8243; KITCHEN AID KOED530PBS"},"content":{"rendered":"<p>Horno de Pared KitchenAid 30&#8221; KOED530PBS con Air Fry Mode Este horno de pared KitchenAid de 30&#8221; con Air Fry Mode ofrece la posibilidad de obtener un crujido perfecto en tus alimentos con menos aceite. Su tecnolog\u00eda avanzada de convecci\u00f3n y term\u00f3metro integrado asegura una cocci\u00f3n precisa y deliciosa, desde asados hasta reposter\u00eda<\/p>\n","protected":false},"excerpt":{"rendered":"<p>Horno de Pared KitchenAid 30&#8221; KOED530PBS con Air Fry Mode Este horno de pared KitchenAid de 30&#8221; con Air Fry Mode ofrece la posibilidad de obtener un crujido perfecto en tus alimentos con menos aceite. Su tecnolog\u00eda avanzada de convecci\u00f3n y term\u00f3metro integrado asegura una cocci\u00f3n precisa y deliciosa, desde asados hasta reposter\u00eda<\/p>\n","protected":false},"featured_media":13181,"template":"","meta":{"_joinchat":[]},"product_brand":[],"product_cat":[258],"product_tag":[268,267],"class_list":{"0":"post-13077","1":"product","2":"type-product","3":"status-publish","4":"has-post-thumbnail","6":"product_cat-hornos-coccion","7":"product_tag-aid","8":"product_tag-kitchen","10":"first","11":"instock","12":"shipping-taxable","13":"product-type-simple"},"_links":{"self":[{"href":"https:\/\/eltiosam.com.mx\/index.php\/wp-json\/wp\/v2\/product\/13077","targetHints":{"allow":["GET"]}}],"collection":[{"href":"https:\/\/eltiosam.com.mx\/index.php\/wp-json\/wp\/v2\/product"}],"about":[{"href":"https:\/\/eltiosam.com.mx\/index.php\/wp-json\/wp\/v2\/types\/product"}],"wp:featuredmedia":[{"embeddable":true,"href":"https:\/\/eltiosam.com.mx\/index.php\/wp-json\/wp\/v2\/media\/13181"}],"wp:attachment":[{"href":"https:\/\/eltiosam.com.mx\/index.php\/wp-json\/wp\/v2\/media?parent=13077"}],"wp:term":[{"taxonomy":"product_brand","embeddable":true,"href":"https:\/\/eltiosam.com.mx\/index.php\/wp-json\/wp\/v2\/product_brand?post=13077"},{"taxonomy":"product_cat","embeddable":true,"href":"https:\/\/eltiosam.com.mx\/index.php\/wp-json\/wp\/v2\/product_cat?post=13077"},{"taxonomy":"product_tag","embeddable":true,"href":"https:\/\/eltiosam.com.mx\/index.php\/wp-json\/wp\/v2\/product_tag?post=13077"}],"curies":[{"name":"wp","href":"https:\/\/api.w.org\/{rel}","templated":true}]}}