{"id":13052,"date":"2026-03-19T22:50:21","date_gmt":"2026-03-19T22:50:21","guid":{"rendered":"https:\/\/eltiosam.com.mx\/index.php\/product\/refrigerador-duplex-27p3-samsung-rs27t5561b1-em\/"},"modified":"2026-03-20T02:22:08","modified_gmt":"2026-03-20T02:22:08","slug":"refrigerador-duplex-27p3-samsung-rs27t5561b1-em","status":"publish","type":"product","link":"https:\/\/eltiosam.com.mx\/index.php\/product\/refrigerador-duplex-27p3-samsung-rs27t5561b1-em\/","title":{"rendered":"REFRIGERADOR DUPLEX 27P3 SAMSUNG RS27T5561B1\/EM"},"content":{"rendered":"<p>Almacena todos tus alimentos de forma ordenada con un espacio de almacenamiento de 27.5 pies c\u00fabicos.* La tecnolog\u00eda SpaceMax Technology\u2122 permite que las paredes sean mucho m\u00e1s finas con un aislamiento de alta eficiencia. Por lo tanto, permite m\u00e1s espacio de almacenamiento sin aumentar las dimensiones externas ni comprometer la eficiencia energ\u00e9tica.<\/p>\n","protected":false},"excerpt":{"rendered":"<p>Almacena todos tus alimentos de forma ordenada con un espacio de almacenamiento de 27.5 pies c\u00fabicos.* La tecnolog\u00eda SpaceMax Technology\u2122 permite que las paredes sean mucho m\u00e1s finas con un aislamiento de alta eficiencia. Por lo tanto, permite m\u00e1s espacio de almacenamiento sin aumentar las dimensiones externas ni comprometer la eficiencia energ\u00e9tica.<\/p>\n","protected":false},"featured_media":13165,"template":"","meta":{"_joinchat":[]},"product_brand":[],"product_cat":[20],"product_tag":[265],"class_list":{"0":"post-13052","1":"product","2":"type-product","3":"status-publish","4":"has-post-thumbnail","6":"product_cat-refrigeracion","7":"product_tag-samsung","9":"first","10":"instock","11":"shipping-taxable","12":"product-type-simple"},"_links":{"self":[{"href":"https:\/\/eltiosam.com.mx\/index.php\/wp-json\/wp\/v2\/product\/13052","targetHints":{"allow":["GET"]}}],"collection":[{"href":"https:\/\/eltiosam.com.mx\/index.php\/wp-json\/wp\/v2\/product"}],"about":[{"href":"https:\/\/eltiosam.com.mx\/index.php\/wp-json\/wp\/v2\/types\/product"}],"wp:featuredmedia":[{"embeddable":true,"href":"https:\/\/eltiosam.com.mx\/index.php\/wp-json\/wp\/v2\/media\/13165"}],"wp:attachment":[{"href":"https:\/\/eltiosam.com.mx\/index.php\/wp-json\/wp\/v2\/media?parent=13052"}],"wp:term":[{"taxonomy":"product_brand","embeddable":true,"href":"https:\/\/eltiosam.com.mx\/index.php\/wp-json\/wp\/v2\/product_brand?post=13052"},{"taxonomy":"product_cat","embeddable":true,"href":"https:\/\/eltiosam.com.mx\/index.php\/wp-json\/wp\/v2\/product_cat?post=13052"},{"taxonomy":"product_tag","embeddable":true,"href":"https:\/\/eltiosam.com.mx\/index.php\/wp-json\/wp\/v2\/product_tag?post=13052"}],"curies":[{"name":"wp","href":"https:\/\/api.w.org\/{rel}","templated":true}]}}