{"id":1294,"date":"2023-11-11T20:18:02","date_gmt":"2023-11-11T20:18:02","guid":{"rendered":"http:\/\/eltiosam.com.mx\/?post_type=product&#038;p=1294"},"modified":"2024-02-08T05:24:41","modified_gmt":"2024-02-08T05:24:41","slug":"elkay-efu-281610aco9","status":"publish","type":"product","link":"https:\/\/eltiosam.com.mx\/index.php\/product\/elkay-efu-281610aco9\/","title":{"rendered":"Tarja Elkay EFU-281610ACO9"},"content":{"rendered":"<p><strong>Descripci\u00f3n:<\/strong> Resisten el impacto de ollas pesadas, evitando que el fregadero se da\u00f1e y generando un m\u00ednimo ruido al recibir el impacto del agua y trastes, Fac\u00edl instalaci\u00f3n y se puede colocar en cualquier tipo de cubierta.<\/p>\n<p>&nbsp;<\/p>\n","protected":false},"excerpt":{"rendered":"<p>Descripci\u00f3n: Resisten el impacto de ollas pesadas, evitando que el fregadero se da\u00f1e y generando un m\u00ednimo ruido al recibir el impacto del agua y trastes, Fac\u00edl instalaci\u00f3n y se puede colocar en cualquier tipo de cubierta. &nbsp;<\/p>\n","protected":false},"featured_media":1295,"template":"","meta":{"_joinchat":[]},"product_brand":[],"product_cat":[47,42],"product_tag":[49],"class_list":{"0":"post-1294","1":"product","2":"type-product","3":"status-publish","4":"has-post-thumbnail","6":"product_cat-tarjas","7":"product_cat-varios","8":"product_tag-elkay","10":"first","11":"outofstock","12":"shipping-taxable","13":"product-type-simple"},"_links":{"self":[{"href":"https:\/\/eltiosam.com.mx\/index.php\/wp-json\/wp\/v2\/product\/1294","targetHints":{"allow":["GET"]}}],"collection":[{"href":"https:\/\/eltiosam.com.mx\/index.php\/wp-json\/wp\/v2\/product"}],"about":[{"href":"https:\/\/eltiosam.com.mx\/index.php\/wp-json\/wp\/v2\/types\/product"}],"wp:featuredmedia":[{"embeddable":true,"href":"https:\/\/eltiosam.com.mx\/index.php\/wp-json\/wp\/v2\/media\/1295"}],"wp:attachment":[{"href":"https:\/\/eltiosam.com.mx\/index.php\/wp-json\/wp\/v2\/media?parent=1294"}],"wp:term":[{"taxonomy":"product_brand","embeddable":true,"href":"https:\/\/eltiosam.com.mx\/index.php\/wp-json\/wp\/v2\/product_brand?post=1294"},{"taxonomy":"product_cat","embeddable":true,"href":"https:\/\/eltiosam.com.mx\/index.php\/wp-json\/wp\/v2\/product_cat?post=1294"},{"taxonomy":"product_tag","embeddable":true,"href":"https:\/\/eltiosam.com.mx\/index.php\/wp-json\/wp\/v2\/product_tag?post=1294"}],"curies":[{"name":"wp","href":"https:\/\/api.w.org\/{rel}","templated":true}]}}