{"id":12875,"date":"2025-10-30T22:40:41","date_gmt":"2025-10-30T22:40:41","guid":{"rendered":"https:\/\/eltiosam.com.mx\/?post_type=product&#038;p=12875"},"modified":"2025-10-30T22:40:42","modified_gmt":"2025-10-30T22:40:42","slug":"horno-electrico-60cmio-mabeio6056hewi1","status":"publish","type":"product","link":"https:\/\/eltiosam.com.mx\/index.php\/product\/horno-electrico-60cmio-mabeio6056hewi1\/","title":{"rendered":"HORNO EL\u00c9CTRICO 60CM\tIO MABE\tIO6056HEWI1"},"content":{"rendered":"<p>Convecci\u00f3n: distribuci\u00f3n de calor que te permite mayor eficiencia en tiempo y energ\u00eda para una cocci\u00f3n uniforme de los alimentos. Luz en perillas: dise\u00f1o y funcionalidad que ilumina la perilla cuando el horno se encuentra encendido, Sensor de flama: m\u00e1xima seguridad, corta el flujo de gas en caso de que la llama se apague<\/p>\n","protected":false},"excerpt":{"rendered":"<p>Convecci\u00f3n: distribuci\u00f3n de calor que te permite mayor eficiencia en tiempo y energ\u00eda para una cocci\u00f3n uniforme de los alimentos. Luz en perillas: dise\u00f1o y funcionalidad que ilumina la perilla cuando el horno se encuentra encendido, Sensor de flama: m\u00e1xima seguridad, corta el flujo de gas en caso de que la llama se apague<\/p>\n","protected":false},"featured_media":12877,"template":"","meta":{"_joinchat":[]},"product_brand":[],"product_cat":[175],"product_tag":[21],"class_list":{"0":"post-12875","1":"product","2":"type-product","3":"status-publish","4":"has-post-thumbnail","6":"product_cat-hornos","7":"product_tag-mabe","9":"first","10":"instock","11":"shipping-taxable","12":"product-type-simple"},"_links":{"self":[{"href":"https:\/\/eltiosam.com.mx\/index.php\/wp-json\/wp\/v2\/product\/12875","targetHints":{"allow":["GET"]}}],"collection":[{"href":"https:\/\/eltiosam.com.mx\/index.php\/wp-json\/wp\/v2\/product"}],"about":[{"href":"https:\/\/eltiosam.com.mx\/index.php\/wp-json\/wp\/v2\/types\/product"}],"wp:featuredmedia":[{"embeddable":true,"href":"https:\/\/eltiosam.com.mx\/index.php\/wp-json\/wp\/v2\/media\/12877"}],"wp:attachment":[{"href":"https:\/\/eltiosam.com.mx\/index.php\/wp-json\/wp\/v2\/media?parent=12875"}],"wp:term":[{"taxonomy":"product_brand","embeddable":true,"href":"https:\/\/eltiosam.com.mx\/index.php\/wp-json\/wp\/v2\/product_brand?post=12875"},{"taxonomy":"product_cat","embeddable":true,"href":"https:\/\/eltiosam.com.mx\/index.php\/wp-json\/wp\/v2\/product_cat?post=12875"},{"taxonomy":"product_tag","embeddable":true,"href":"https:\/\/eltiosam.com.mx\/index.php\/wp-json\/wp\/v2\/product_tag?post=12875"}],"curies":[{"name":"wp","href":"https:\/\/api.w.org\/{rel}","templated":true}]}}