{"id":12713,"date":"2025-09-25T23:40:18","date_gmt":"2025-09-25T23:40:18","guid":{"rendered":"https:\/\/eltiosam.com.mx\/?post_type=product&#038;p=12713"},"modified":"2025-09-25T23:40:18","modified_gmt":"2025-09-25T23:40:18","slug":"refrigerador-duplex-48sub-zerocl4850s-s-p","status":"publish","type":"product","link":"https:\/\/eltiosam.com.mx\/index.php\/product\/refrigerador-duplex-48sub-zerocl4850s-s-p\/","title":{"rendered":"REFRIGERADOR DUPLEX 48&#8243;\tSUB-ZERO\tCL4850S\/S\/P"},"content":{"rendered":"<ul>\n<li>El sistema de refrigeraci\u00f3n inteligente Split Climate<sup>\u00ae<\/sup>\u00a0revoluciona la ya de por s\u00ed superior capacidad de conservaci\u00f3n de Sub-Zero, manteniendo los alimentos a\u00fan m\u00e1s frescos durante m\u00e1s tiempo<\/li>\n<li>El sistema de iluminaci\u00f3n ClearSight<sup>\u00ae<\/sup>\u00a0LED ilumina completamente el interior y reduce las sombras<\/li>\n<li>Los elegantes acentos de acero inoxidable recortan el interior, haciendo juego con el sofisticado exterior<\/li>\n<\/ul>\n","protected":false},"excerpt":{"rendered":"<p>El sistema de refrigeraci\u00f3n inteligente Split Climate\u00ae\u00a0revoluciona la ya de por s\u00ed superior capacidad de conservaci\u00f3n de Sub-Zero, manteniendo los alimentos a\u00fan m\u00e1s frescos durante m\u00e1s tiempo El sistema de iluminaci\u00f3n ClearSight\u00ae\u00a0LED ilumina completamente el interior y reduce las sombras Los elegantes acentos de acero inoxidable recortan el interior, haciendo juego con el sofisticado exterior<\/p>\n","protected":false},"featured_media":12711,"template":"","meta":{"_joinchat":[]},"product_brand":[],"product_cat":[193],"product_tag":[82],"class_list":{"0":"post-12713","1":"product","2":"type-product","3":"status-publish","4":"has-post-thumbnail","6":"product_cat-refrigerador-congelador-inferior","7":"product_tag-sub-zero","9":"first","10":"instock","11":"shipping-taxable","12":"product-type-simple"},"_links":{"self":[{"href":"https:\/\/eltiosam.com.mx\/index.php\/wp-json\/wp\/v2\/product\/12713","targetHints":{"allow":["GET"]}}],"collection":[{"href":"https:\/\/eltiosam.com.mx\/index.php\/wp-json\/wp\/v2\/product"}],"about":[{"href":"https:\/\/eltiosam.com.mx\/index.php\/wp-json\/wp\/v2\/types\/product"}],"wp:featuredmedia":[{"embeddable":true,"href":"https:\/\/eltiosam.com.mx\/index.php\/wp-json\/wp\/v2\/media\/12711"}],"wp:attachment":[{"href":"https:\/\/eltiosam.com.mx\/index.php\/wp-json\/wp\/v2\/media?parent=12713"}],"wp:term":[{"taxonomy":"product_brand","embeddable":true,"href":"https:\/\/eltiosam.com.mx\/index.php\/wp-json\/wp\/v2\/product_brand?post=12713"},{"taxonomy":"product_cat","embeddable":true,"href":"https:\/\/eltiosam.com.mx\/index.php\/wp-json\/wp\/v2\/product_cat?post=12713"},{"taxonomy":"product_tag","embeddable":true,"href":"https:\/\/eltiosam.com.mx\/index.php\/wp-json\/wp\/v2\/product_tag?post=12713"}],"curies":[{"name":"wp","href":"https:\/\/api.w.org\/{rel}","templated":true}]}}