{"id":12707,"date":"2025-09-25T23:39:07","date_gmt":"2025-09-25T23:39:07","guid":{"rendered":"https:\/\/eltiosam.com.mx\/?post_type=product&#038;p=12707"},"modified":"2025-09-25T23:39:08","modified_gmt":"2025-09-25T23:39:08","slug":"refrigerador-36sub-zerocl3650r-s-t-r","status":"publish","type":"product","link":"https:\/\/eltiosam.com.mx\/index.php\/product\/refrigerador-36sub-zerocl3650r-s-t-r\/","title":{"rendered":"REFRIGERADOR 36&#8243;\tSUB-ZERO\tCL3650R\/S\/T\/R"},"content":{"rendered":"<ul>\n<li>El sistema de refrigeraci\u00f3n inteligente Split Climate<sup>\u00ae<\/sup>\u00a0revoluciona la ya de por s\u00ed superior capacidad de conservaci\u00f3n de Sub-Zero, manteniendo los alimentos a\u00fan m\u00e1s frescos durante m\u00e1s tiempo<\/li>\n<li>El sistema de iluminaci\u00f3n ClearSight<sup>\u00ae<\/sup>\u00a0LED ilumina completamente el interior y reduce las sombras<\/li>\n<li>Los elegantes acentos de acero inoxidable recortan el interior, haciendo juego con el sofisticado exterior<\/li>\n<li>El panel de control t\u00e1ctil est\u00e1 convenientemente situado para facilitar el acceso con solo el toque de un dedo<\/li>\n<\/ul>\n","protected":false},"excerpt":{"rendered":"<p>El sistema de refrigeraci\u00f3n inteligente Split Climate\u00ae\u00a0revoluciona la ya de por s\u00ed superior capacidad de conservaci\u00f3n de Sub-Zero, manteniendo los alimentos a\u00fan m\u00e1s frescos durante m\u00e1s tiempo El sistema de iluminaci\u00f3n ClearSight\u00ae\u00a0LED ilumina completamente el interior y reduce las sombras Los elegantes acentos de acero inoxidable recortan el interior, haciendo juego con el sofisticado exterior [&hellip;]<\/p>\n","protected":false},"featured_media":12709,"template":"","meta":{"_joinchat":[]},"product_brand":[],"product_cat":[194],"product_tag":[82],"class_list":{"0":"post-12707","1":"product","2":"type-product","3":"status-publish","4":"has-post-thumbnail","6":"product_cat-refrigerador-congelador-superior","7":"product_tag-sub-zero","9":"first","10":"instock","11":"shipping-taxable","12":"product-type-simple"},"_links":{"self":[{"href":"https:\/\/eltiosam.com.mx\/index.php\/wp-json\/wp\/v2\/product\/12707","targetHints":{"allow":["GET"]}}],"collection":[{"href":"https:\/\/eltiosam.com.mx\/index.php\/wp-json\/wp\/v2\/product"}],"about":[{"href":"https:\/\/eltiosam.com.mx\/index.php\/wp-json\/wp\/v2\/types\/product"}],"wp:featuredmedia":[{"embeddable":true,"href":"https:\/\/eltiosam.com.mx\/index.php\/wp-json\/wp\/v2\/media\/12709"}],"wp:attachment":[{"href":"https:\/\/eltiosam.com.mx\/index.php\/wp-json\/wp\/v2\/media?parent=12707"}],"wp:term":[{"taxonomy":"product_brand","embeddable":true,"href":"https:\/\/eltiosam.com.mx\/index.php\/wp-json\/wp\/v2\/product_brand?post=12707"},{"taxonomy":"product_cat","embeddable":true,"href":"https:\/\/eltiosam.com.mx\/index.php\/wp-json\/wp\/v2\/product_cat?post=12707"},{"taxonomy":"product_tag","embeddable":true,"href":"https:\/\/eltiosam.com.mx\/index.php\/wp-json\/wp\/v2\/product_tag?post=12707"}],"curies":[{"name":"wp","href":"https:\/\/api.w.org\/{rel}","templated":true}]}}