{"id":12698,"date":"2025-09-25T23:33:01","date_gmt":"2025-09-25T23:33:01","guid":{"rendered":"https:\/\/eltiosam.com.mx\/?post_type=product&#038;p=12698"},"modified":"2025-09-25T23:33:01","modified_gmt":"2025-09-25T23:33:01","slug":"estufa-de-4-quemadores-con-planchawolfgr484cg-lp","status":"publish","type":"product","link":"https:\/\/eltiosam.com.mx\/index.php\/product\/estufa-de-4-quemadores-con-planchawolfgr484cg-lp\/","title":{"rendered":"ESTUFA DE 4 QUEMADORES CON PLANCHA\tWOLF\tGR484CG-LP"},"content":{"rendered":"<ul>\n<li>Controle la temperatura de forma precisa con cuatro quemadores de gas sellados y de doble salida para obtener temperaturas m\u00e1s altas y m\u00e1s bajas<\/li>\n<li>Conf\u00ede en una parrilla de infrarrojos de 16,000 Btu para obtener filetes, chuletas y hamburguesas m\u00e1s suculentos<\/li>\n<li>Disfrute de un calentamiento m\u00e1s r\u00e1pido y una cocci\u00f3n m\u00e1s uniforme con este horno de convecci\u00f3n de gas de gran capacidad<\/li>\n<\/ul>\n","protected":false},"excerpt":{"rendered":"<ul>\n<li>Controle la temperatura de forma precisa con cuatro quemadores de gas sellados y de doble salida para obtener temperaturas m\u00e1s altas y m\u00e1s bajas<\/li>\n<li>Conf\u00ede en una parrilla de infrarrojos de 16,000 Btu para obtener filetes, chuletas y hamburguesas m\u00e1s suculentos<\/li>\n<li>Disfrute de un calentamiento m\u00e1s r\u00e1pido y una cocci\u00f3n m\u00e1s uniforme con este horno de convecci\u00f3n de gas de gran capacidad<\/li>\n<\/ul>\n","protected":false},"featured_media":12700,"template":"","meta":{"_joinchat":[]},"product_brand":[],"product_cat":[62],"product_tag":[75],"class_list":{"0":"post-12698","1":"product","2":"type-product","3":"status-publish","4":"has-post-thumbnail","6":"product_cat-estufas","7":"product_tag-wolf","9":"first","10":"instock","11":"shipping-taxable","12":"product-type-simple"},"_links":{"self":[{"href":"https:\/\/eltiosam.com.mx\/index.php\/wp-json\/wp\/v2\/product\/12698","targetHints":{"allow":["GET"]}}],"collection":[{"href":"https:\/\/eltiosam.com.mx\/index.php\/wp-json\/wp\/v2\/product"}],"about":[{"href":"https:\/\/eltiosam.com.mx\/index.php\/wp-json\/wp\/v2\/types\/product"}],"wp:featuredmedia":[{"embeddable":true,"href":"https:\/\/eltiosam.com.mx\/index.php\/wp-json\/wp\/v2\/media\/12700"}],"wp:attachment":[{"href":"https:\/\/eltiosam.com.mx\/index.php\/wp-json\/wp\/v2\/media?parent=12698"}],"wp:term":[{"taxonomy":"product_brand","embeddable":true,"href":"https:\/\/eltiosam.com.mx\/index.php\/wp-json\/wp\/v2\/product_brand?post=12698"},{"taxonomy":"product_cat","embeddable":true,"href":"https:\/\/eltiosam.com.mx\/index.php\/wp-json\/wp\/v2\/product_cat?post=12698"},{"taxonomy":"product_tag","embeddable":true,"href":"https:\/\/eltiosam.com.mx\/index.php\/wp-json\/wp\/v2\/product_tag?post=12698"}],"curies":[{"name":"wp","href":"https:\/\/api.w.org\/{rel}","templated":true}]}}