{"id":12681,"date":"2025-09-25T23:26:38","date_gmt":"2025-09-25T23:26:38","guid":{"rendered":"https:\/\/eltiosam.com.mx\/?post_type=product&#038;p=12681"},"modified":"2025-09-25T23:26:38","modified_gmt":"2025-09-25T23:26:38","slug":"campana-de-pared-90cmnutonecomo","status":"publish","type":"product","link":"https:\/\/eltiosam.com.mx\/index.php\/product\/campana-de-pared-90cmnutonecomo\/","title":{"rendered":"CAMPANA DE PARED 90CM\tNUTONE\tCOMO"},"content":{"rendered":"<p>Caracter\u00edsticas:<\/p>\n<p>Cuenta con 3 ajustes de velocidades.<br \/>\nDimensiones: 600mm de ancho, 155mm de alto y 500mm de profundidad.<br \/>\nMateriales: acero inoxidable y vidrio.<br \/>\nSu tipo de montaje es: de pared.<br \/>\nTiene luz para iluminar la cocina.<br \/>\nSu motor tiene una potencia de 120W.<br \/>\nCon salida al exterior.<br \/>\nSus 2 filtros retendr\u00e1n y diminuir\u00e1n la concentraci\u00f3n de part\u00edculas en suspenci\u00f3n.<br \/>\nEs un artefacto esencial para limpiar el aire de tu ambiente al cocinar.<\/p>\n","protected":false},"excerpt":{"rendered":"<p>Caracter\u00edsticas:<\/p>\n<ul>\n<li class=\"ui-pdp-features__item\">Cuenta con 3 ajustes de velocidades.<\/li>\n<li class=\"ui-pdp-features__item\">Dimensiones: 600mm de ancho, 155mm de alto y 500mm de profundidad.<\/li>\n<li class=\"ui-pdp-features__item\">Materiales: acero inoxidable y vidrio.<\/li>\n<li class=\"ui-pdp-features__item\">Su tipo de montaje es: de pared.<\/li>\n<li class=\"ui-pdp-features__item\">Tiene luz para iluminar la cocina.<\/li>\n<li class=\"ui-pdp-features__item\">Su motor tiene una potencia de 120W.<\/li>\n<li class=\"ui-pdp-features__item\">Con salida al exterior.<\/li>\n<li class=\"ui-pdp-features__item\">Sus 2 filtros retendr\u00e1n y diminuir\u00e1n la concentraci\u00f3n de part\u00edculas en suspenci\u00f3n.<\/li>\n<li class=\"ui-pdp-features__item\">Es un artefacto esencial para limpiar el aire de tu ambiente al cocinar.<\/li>\n<\/ul>\n","protected":false},"featured_media":12683,"template":"","meta":{"_joinchat":[]},"product_brand":[],"product_cat":[45],"product_tag":[240],"class_list":{"0":"post-12681","1":"product","2":"type-product","3":"status-publish","4":"has-post-thumbnail","6":"product_cat-campanas","7":"product_tag-nutone","9":"first","10":"instock","11":"shipping-taxable","12":"product-type-simple"},"_links":{"self":[{"href":"https:\/\/eltiosam.com.mx\/index.php\/wp-json\/wp\/v2\/product\/12681","targetHints":{"allow":["GET"]}}],"collection":[{"href":"https:\/\/eltiosam.com.mx\/index.php\/wp-json\/wp\/v2\/product"}],"about":[{"href":"https:\/\/eltiosam.com.mx\/index.php\/wp-json\/wp\/v2\/types\/product"}],"wp:featuredmedia":[{"embeddable":true,"href":"https:\/\/eltiosam.com.mx\/index.php\/wp-json\/wp\/v2\/media\/12683"}],"wp:attachment":[{"href":"https:\/\/eltiosam.com.mx\/index.php\/wp-json\/wp\/v2\/media?parent=12681"}],"wp:term":[{"taxonomy":"product_brand","embeddable":true,"href":"https:\/\/eltiosam.com.mx\/index.php\/wp-json\/wp\/v2\/product_brand?post=12681"},{"taxonomy":"product_cat","embeddable":true,"href":"https:\/\/eltiosam.com.mx\/index.php\/wp-json\/wp\/v2\/product_cat?post=12681"},{"taxonomy":"product_tag","embeddable":true,"href":"https:\/\/eltiosam.com.mx\/index.php\/wp-json\/wp\/v2\/product_tag?post=12681"}],"curies":[{"name":"wp","href":"https:\/\/api.w.org\/{rel}","templated":true}]}}