{"id":12582,"date":"2025-09-25T22:51:04","date_gmt":"2025-09-25T22:51:04","guid":{"rendered":"https:\/\/eltiosam.com.mx\/?post_type=product&#038;p=12582"},"modified":"2025-09-25T22:51:05","modified_gmt":"2025-09-25T22:51:05","slug":"refrigerador-15p3tekartf-34700-ss-mx","status":"publish","type":"product","link":"https:\/\/eltiosam.com.mx\/index.php\/product\/refrigerador-15p3tekartf-34700-ss-mx\/","title":{"rendered":"REFRIGERADOR 15P3\tTEKA\tRTF 34700 SS MX"},"content":{"rendered":"<blockquote>\n<p style=\"box-sizing: border-box; margin: 0px 0px 5px; font-family: Arial, sans-serif; font-size: 14px;\">Este motor produce menos fricci\u00f3n por lo que es mucho m\u00e1s silencioso. Adem\u00e1s, su dise\u00f1o y fabricaci\u00f3n lo hacen m\u00e1s duradero y responsable con el medio ambiente.<\/p>\n<p style=\"box-sizing: border-box; margin: 0px 0px 5px; font-family: Arial, sans-serif; font-size: 14px;\">Caracter\u00edsticas:<\/p>\n<ul style=\"box-sizing: border-box; margin-top: 0px; margin-bottom: 10px; font-family: Arial, sans-serif; font-size: 14px;\">\n<li style=\"box-sizing: border-box;\">Top Mount<br style=\"box-sizing: border-box;\" \/>\u2022 Acero Inoxidable VCM<br style=\"box-sizing: border-box;\" \/>\u2022 Capacidad: 15 Cu. Ft.<br style=\"box-sizing: border-box;\" \/>\u2022 Compresor Inverter<br style=\"box-sizing: border-box;\" \/>\u2022 Manijas integradas<br style=\"box-sizing: border-box;\" \/>\u2022 Funci\u00f3n de enfriamiento r\u00e1pido<br style=\"box-sizing: border-box;\" \/>\u2022 Iluminaci\u00f3n LED<br style=\"box-sizing: border-box;\" \/>\u2022 Bloqueo de seguridad para ni\u00f1os<br style=\"box-sizing: border-box;\" \/>\u2022 Energ\u00eda el\u00e9ctrica: 115v\/60Hz<\/li>\n<li style=\"box-sizing: border-box;\">Alto 1,780mm Ancho 700mm Profundo 680mm<\/li>\n<\/ul>\n<\/blockquote>\n","protected":false},"excerpt":{"rendered":"<p>Este motor produce menos fricci\u00f3n por lo que es mucho m\u00e1s silencioso. Adem\u00e1s, su dise\u00f1o y fabricaci\u00f3n lo hacen m\u00e1s duradero y responsable con el medio ambiente. Caracter\u00edsticas: Top Mount\u2022 Acero Inoxidable VCM\u2022 Capacidad: 15 Cu. Ft.\u2022 Compresor Inverter\u2022 Manijas integradas\u2022 Funci\u00f3n de enfriamiento r\u00e1pido\u2022 Iluminaci\u00f3n LED\u2022 Bloqueo de seguridad para ni\u00f1os\u2022 Energ\u00eda el\u00e9ctrica: 115v\/60Hz [&hellip;]<\/p>\n","protected":false},"featured_media":12584,"template":"","meta":{"_joinchat":[]},"product_brand":[],"product_cat":[41],"product_tag":[106],"class_list":{"0":"post-12582","1":"product","2":"type-product","3":"status-publish","4":"has-post-thumbnail","6":"product_cat-refrigeradores","7":"product_tag-teka","9":"first","10":"instock","11":"shipping-taxable","12":"product-type-simple"},"_links":{"self":[{"href":"https:\/\/eltiosam.com.mx\/index.php\/wp-json\/wp\/v2\/product\/12582","targetHints":{"allow":["GET"]}}],"collection":[{"href":"https:\/\/eltiosam.com.mx\/index.php\/wp-json\/wp\/v2\/product"}],"about":[{"href":"https:\/\/eltiosam.com.mx\/index.php\/wp-json\/wp\/v2\/types\/product"}],"wp:featuredmedia":[{"embeddable":true,"href":"https:\/\/eltiosam.com.mx\/index.php\/wp-json\/wp\/v2\/media\/12584"}],"wp:attachment":[{"href":"https:\/\/eltiosam.com.mx\/index.php\/wp-json\/wp\/v2\/media?parent=12582"}],"wp:term":[{"taxonomy":"product_brand","embeddable":true,"href":"https:\/\/eltiosam.com.mx\/index.php\/wp-json\/wp\/v2\/product_brand?post=12582"},{"taxonomy":"product_cat","embeddable":true,"href":"https:\/\/eltiosam.com.mx\/index.php\/wp-json\/wp\/v2\/product_cat?post=12582"},{"taxonomy":"product_tag","embeddable":true,"href":"https:\/\/eltiosam.com.mx\/index.php\/wp-json\/wp\/v2\/product_tag?post=12582"}],"curies":[{"name":"wp","href":"https:\/\/api.w.org\/{rel}","templated":true}]}}