{"id":12578,"date":"2025-09-25T22:49:58","date_gmt":"2025-09-25T22:49:58","guid":{"rendered":"https:\/\/eltiosam.com.mx\/?post_type=product&#038;p=12578"},"modified":"2025-09-25T22:49:58","modified_gmt":"2025-09-25T22:49:58","slug":"refrigerador-12p3tekanfl-346-ss","status":"publish","type":"product","link":"https:\/\/eltiosam.com.mx\/index.php\/product\/refrigerador-12p3tekanfl-346-ss\/","title":{"rendered":"REFRIGERADOR 12P3\tTEKA\tNFL 346 SS"},"content":{"rendered":"<div class=\"summary entry-summary\">\n<div class=\"utilities\">\n<p>Menos consumo y m\u00e1s silencio gracias al motor inverter de alta eficiencia A++. Este motor produce menos fricci\u00f3n por lo que es mucho m\u00e1s silencioso. Adem\u00e1s, su dise\u00f1o y fabricaci\u00f3n lo hacen m\u00e1s duradero y responsable con el medio ambiente.<\/p>\n<p>Caracter\u00edsticas:<\/p>\n<ul>\n<li>Bottom Freezer<br \/>\n\u2022 Acero inoxidable con antihuella<br \/>\n\u2022 Puertas reversibles<br \/>\n\u2022 Capacidad: 12 Cu. Ft.<br \/>\n\u2022 Manijas exteriores de aluminio<br \/>\n\u2022 Funci\u00f3n S\u00faper en refrigerador<br \/>\n\u2022 Iluminaci\u00f3n LED<br \/>\n\u2022 Sistema de enfriamiento Cool Flow<br \/>\n\u2022 Energ\u00eda el\u00e9ctrica: 115v\/60Hz<\/li>\n<li>Alto 1,880mm Ancho 600mm Profundo 610mm<\/li>\n<\/ul>\n<p>&nbsp;<\/p>\n<\/div>\n<\/div>\n<div class=\"woocommerce-tabs wc-tabs-wrapper\"><\/div>\n","protected":false},"excerpt":{"rendered":"<p>Menos consumo y m\u00e1s silencio gracias al motor inverter de alta eficiencia A++. Este motor produce menos fricci\u00f3n por lo que es mucho m\u00e1s silencioso. Adem\u00e1s, su dise\u00f1o y fabricaci\u00f3n lo hacen m\u00e1s duradero y responsable con el medio ambiente.<\/p>\n<p>&nbsp;<\/p>\n","protected":false},"featured_media":12581,"template":"","meta":{"_joinchat":[]},"product_brand":[],"product_cat":[41],"product_tag":[106],"class_list":{"0":"post-12578","1":"product","2":"type-product","3":"status-publish","4":"has-post-thumbnail","6":"product_cat-refrigeradores","7":"product_tag-teka","9":"first","10":"instock","11":"shipping-taxable","12":"product-type-simple"},"_links":{"self":[{"href":"https:\/\/eltiosam.com.mx\/index.php\/wp-json\/wp\/v2\/product\/12578","targetHints":{"allow":["GET"]}}],"collection":[{"href":"https:\/\/eltiosam.com.mx\/index.php\/wp-json\/wp\/v2\/product"}],"about":[{"href":"https:\/\/eltiosam.com.mx\/index.php\/wp-json\/wp\/v2\/types\/product"}],"wp:featuredmedia":[{"embeddable":true,"href":"https:\/\/eltiosam.com.mx\/index.php\/wp-json\/wp\/v2\/media\/12581"}],"wp:attachment":[{"href":"https:\/\/eltiosam.com.mx\/index.php\/wp-json\/wp\/v2\/media?parent=12578"}],"wp:term":[{"taxonomy":"product_brand","embeddable":true,"href":"https:\/\/eltiosam.com.mx\/index.php\/wp-json\/wp\/v2\/product_brand?post=12578"},{"taxonomy":"product_cat","embeddable":true,"href":"https:\/\/eltiosam.com.mx\/index.php\/wp-json\/wp\/v2\/product_cat?post=12578"},{"taxonomy":"product_tag","embeddable":true,"href":"https:\/\/eltiosam.com.mx\/index.php\/wp-json\/wp\/v2\/product_tag?post=12578"}],"curies":[{"name":"wp","href":"https:\/\/api.w.org\/{rel}","templated":true}]}}