{"id":12574,"date":"2025-09-25T22:47:34","date_gmt":"2025-09-25T22:47:34","guid":{"rendered":"https:\/\/eltiosam.com.mx\/?post_type=product&#038;p=12574"},"modified":"2025-09-25T22:47:35","modified_gmt":"2025-09-25T22:47:35","slug":"cava-de-vinos-8-botellastekarvc-10008-gbk","status":"publish","type":"product","link":"https:\/\/eltiosam.com.mx\/index.php\/product\/cava-de-vinos-8-botellastekarvc-10008-gbk\/","title":{"rendered":"CAVA DE VINOS 8 BOTELLAS\tTEKA\tRVC 10008 GBK"},"content":{"rendered":"<p>Cava de libre instalaci\u00f3n Teka RVC 10008 GBK 8 Botellas Negra Cavas Teka de libre instalaci\u00f3n, elegante para brindar un toque especial en tus espacios. Con rango de temperatura de 8 a 18 grados cent\u00edgrados regulable mediante control electr\u00f3nico.<\/p>\n<p><strong>Caracter\u00edsticas<\/strong><\/p>\n<ul>\n<li>Dimensiones (alto x ancho x fondo): 48 x 26 x 50 cm. Enfriador de vinos, Instalaci\u00f3n: Libre instalaci\u00f3n, Acabado exterior: cristal negro, Capacidad: 25 L 8 botellas, Rangos de temperatura: 8 a 18 grados centigrados, 3 anaqueles de metal, Panel de mandos con display LED, Control electr\u00f3nico en puerta, Energ\u00eda el\u00e9ctrica: 110-120v 60Hz<\/li>\n<li>Rangos de temperatura: 8 a 18 grados cent\u00edgrados<\/li>\n<li>Dimensiones (alto x ancho x fondo): 48 x 26 x 50 cm<\/li>\n<li>Energ\u00eda el\u00e9ctrica: 120-127v 60Hz<\/li>\n<li>3 anaqueles de metal<\/li>\n<li>Capacidad: 25 L (8 botellas)<\/li>\n<\/ul>\n","protected":false},"excerpt":{"rendered":"<p>Cava de libre instalaci\u00f3n Teka RVC 10008 GBK 8 Botellas Negra Cavas Teka de libre instalaci\u00f3n, elegante para brindar un toque especial en tus espacios. Con rango de temperatura de 8 a 18 grados cent\u00edgrados regulable mediante control electr\u00f3nico.<\/p>\n","protected":false},"featured_media":12577,"template":"","meta":{"_joinchat":[]},"product_brand":[],"product_cat":[164],"product_tag":[106],"class_list":{"0":"post-12574","1":"product","2":"type-product","3":"status-publish","4":"has-post-thumbnail","6":"product_cat-cavas","7":"product_tag-teka","9":"first","10":"instock","11":"shipping-taxable","12":"product-type-simple"},"_links":{"self":[{"href":"https:\/\/eltiosam.com.mx\/index.php\/wp-json\/wp\/v2\/product\/12574","targetHints":{"allow":["GET"]}}],"collection":[{"href":"https:\/\/eltiosam.com.mx\/index.php\/wp-json\/wp\/v2\/product"}],"about":[{"href":"https:\/\/eltiosam.com.mx\/index.php\/wp-json\/wp\/v2\/types\/product"}],"wp:featuredmedia":[{"embeddable":true,"href":"https:\/\/eltiosam.com.mx\/index.php\/wp-json\/wp\/v2\/media\/12577"}],"wp:attachment":[{"href":"https:\/\/eltiosam.com.mx\/index.php\/wp-json\/wp\/v2\/media?parent=12574"}],"wp:term":[{"taxonomy":"product_brand","embeddable":true,"href":"https:\/\/eltiosam.com.mx\/index.php\/wp-json\/wp\/v2\/product_brand?post=12574"},{"taxonomy":"product_cat","embeddable":true,"href":"https:\/\/eltiosam.com.mx\/index.php\/wp-json\/wp\/v2\/product_cat?post=12574"},{"taxonomy":"product_tag","embeddable":true,"href":"https:\/\/eltiosam.com.mx\/index.php\/wp-json\/wp\/v2\/product_tag?post=12574"}],"curies":[{"name":"wp","href":"https:\/\/api.w.org\/{rel}","templated":true}]}}