{"id":12483,"date":"2025-09-25T20:22:16","date_gmt":"2025-09-25T20:22:16","guid":{"rendered":"https:\/\/eltiosam.com.mx\/?post_type=product&#038;p=12483"},"modified":"2025-09-25T20:22:17","modified_gmt":"2025-09-25T20:22:17","slug":"horno-electrico-multifuncion-60cmtekasteak-master-bk","status":"publish","type":"product","link":"https:\/\/eltiosam.com.mx\/index.php\/product\/horno-electrico-multifuncion-60cmtekasteak-master-bk\/","title":{"rendered":"HORNO EL\u00c9CTRICO MULTIFUNCI\u00d3N 60CM\tTEKA\tSTEAK MASTER BK"},"content":{"rendered":"<p>&nbsp;<\/p>\n<p><strong>SteakGrill<\/strong>\u00a0El grill del horno SteakMaster ha sido dise\u00f1ado para alcanzar una temperatura de hasta 700\u00ba en toda su superficie. Gracias a la combinaci\u00f3n de la elevada temperatura y el uso de la parrilla especial del horno, conseguimos que la carne obtenga un efecto de caramelizaci\u00f3n con textura crujiente.<\/p>\n<p>&nbsp;<\/p>\n<p><strong>Parrilla especial<\/strong>\u00a0Este horno incorpora una parrilla de hierro fundido especial para el cocinado de la carne con dos opciones de colocaci\u00f3n para poder utilizar con diferentes grosores de carne.<\/p>\n<p>&nbsp;<\/p>\n<p><strong>CoolTouch System, puerta siempre fr\u00eda<\/strong>\u00a0La puerta del horno SteakMaster incorpora cristal completamente transparente con cuatro paneles de grosor para mantener la temperatura exterior al m\u00ednimo. Podr\u00e1s tocar la puerta sin miedo a quemarte, incluso cuando el horno alcance su temperatura m\u00e1xima. Los 4 cristales de la puerta son desmontables para facilitar una limpieza completa.<\/p>\n<p>&nbsp;<\/p>\n<p><strong>Consigue el corte de carne perfecto<\/strong>\u00a0SteakMaster incorpora 20 programas autom\u00e1ticos exclusivos que te guiar\u00e1n en temperatura y tiempo de cocinado, para diferentes recetas en funci\u00f3n del tipo de carne, corte y acabado. S\u00f3lo tendr\u00e1s que preocuparte de elegir tu carne favorita.<\/p>\n","protected":false},"excerpt":{"rendered":"<p><strong>SteakGrill<\/strong>\u00a0El grill del horno SteakMaster ha sido dise\u00f1ado para alcanzar una temperatura de hasta 700\u00ba en toda su superficie. Gracias a la combinaci\u00f3n de la elevada temperatura y el uso de la parrilla especial del horno, conseguimos que la carne obtenga un efecto de caramelizaci\u00f3n con textura crujiente.<\/p>\n","protected":false},"featured_media":12485,"template":"","meta":{"_joinchat":[]},"product_brand":[],"product_cat":[69],"product_tag":[106],"class_list":{"0":"post-12483","1":"product","2":"type-product","3":"status-publish","4":"has-post-thumbnail","6":"product_cat-horno","7":"product_tag-teka","9":"first","10":"instock","11":"shipping-taxable","12":"product-type-simple"},"_links":{"self":[{"href":"https:\/\/eltiosam.com.mx\/index.php\/wp-json\/wp\/v2\/product\/12483","targetHints":{"allow":["GET"]}}],"collection":[{"href":"https:\/\/eltiosam.com.mx\/index.php\/wp-json\/wp\/v2\/product"}],"about":[{"href":"https:\/\/eltiosam.com.mx\/index.php\/wp-json\/wp\/v2\/types\/product"}],"wp:featuredmedia":[{"embeddable":true,"href":"https:\/\/eltiosam.com.mx\/index.php\/wp-json\/wp\/v2\/media\/12485"}],"wp:attachment":[{"href":"https:\/\/eltiosam.com.mx\/index.php\/wp-json\/wp\/v2\/media?parent=12483"}],"wp:term":[{"taxonomy":"product_brand","embeddable":true,"href":"https:\/\/eltiosam.com.mx\/index.php\/wp-json\/wp\/v2\/product_brand?post=12483"},{"taxonomy":"product_cat","embeddable":true,"href":"https:\/\/eltiosam.com.mx\/index.php\/wp-json\/wp\/v2\/product_cat?post=12483"},{"taxonomy":"product_tag","embeddable":true,"href":"https:\/\/eltiosam.com.mx\/index.php\/wp-json\/wp\/v2\/product_tag?post=12483"}],"curies":[{"name":"wp","href":"https:\/\/api.w.org\/{rel}","templated":true}]}}