{"id":12450,"date":"2025-09-25T19:26:49","date_gmt":"2025-09-25T19:26:49","guid":{"rendered":"https:\/\/eltiosam.com.mx\/?post_type=product&#038;p=12450"},"modified":"2025-09-25T19:26:50","modified_gmt":"2025-09-25T19:26:50","slug":"campana-telescopica-60cmwhirlpoolwht6030b","status":"publish","type":"product","link":"https:\/\/eltiosam.com.mx\/index.php\/product\/campana-telescopica-60cmwhirlpoolwht6030b\/","title":{"rendered":"CAMPANA TELESC\u00d3PICA 60CM\tWHIRLPOOL\tWHT6030B"},"content":{"rendered":"<p>Campana telesc\u00f3pica retractil de 60 cm, con 3 velocidades de extracci\u00f3n y 2\u00a0filtros de aluminio lavables para una cocina libre de olores. Tiene un dise\u00f1o minimalista que se adapta a espacios compactos, iluminaci\u00f3n LED para mejor visibilidad de los alimentos al momento de cocinar. Cuenta con control por bot\u00f3n y modo de operaci\u00f3n convertible. La campana se abre cuando se requiera utilizar para una mayor cobertura del \u00e1rea de cocci\u00f3n.<\/p>\n<p><strong>Caracter\u00edsticas<\/strong><\/p>\n<ul>\n<li>Dimensiones (ancho x alto x fondo): 60 x 18 x 28 (43.5 extensible)<\/li>\n<li>Requerimientos el\u00e9ctricos: 60Hz, 127V<\/li>\n<li>Capacidad de extracci\u00f3n: 350 m\u00b3\/h<\/li>\n<li>Tres velocidades de ventilador que proporcionan la ventilaci\u00f3n correcta para cada comida que se prepare.<\/li>\n<li>La campana se abre cuando se necesita utilizar para tener una mayor cobertura del \u00e1rea de cocci\u00f3n<\/li>\n<li>Atrapa grasa que ayuda a eliminar olores, apto para lavar en lavavajillas<\/li>\n<li>La luz LED es m\u00e1s brillante, duradera, y te iluminar\u00e1 el \u00e1rea de trabajo de la mejor forma<\/li>\n<li>Dise\u00f1o que permite una optimizaci\u00f3n de espacios en la cocina y un aspecto moderno<\/li>\n<li>Ventilaci\u00f3n de Purificadora convertible a extractora<\/li>\n<li>Para uso residencial exclusivamente<\/li>\n<\/ul>\n","protected":false},"excerpt":{"rendered":"<p>Campana telesc\u00f3pica retractil de 60 cm, con 3 velocidades de extracci\u00f3n y 2\u00a0filtros de aluminio lavables para una cocina libre de olores. Tiene un dise\u00f1o minimalista que se adapta a espacios compactos, iluminaci\u00f3n LED para mejor visibilidad de los alimentos al momento de cocinar. Cuenta con control por bot\u00f3n y modo de operaci\u00f3n convertible. La campana se abre cuando se requiera utilizar para una mayor cobertura del \u00e1rea de cocci\u00f3n.<\/p>\n","protected":false},"featured_media":12453,"template":"","meta":{"_joinchat":[]},"product_brand":[],"product_cat":[45],"product_tag":[204],"class_list":{"0":"post-12450","1":"product","2":"type-product","3":"status-publish","4":"has-post-thumbnail","6":"product_cat-campanas","7":"product_tag-whirlpool","9":"first","10":"instock","11":"shipping-taxable","12":"product-type-simple"},"_links":{"self":[{"href":"https:\/\/eltiosam.com.mx\/index.php\/wp-json\/wp\/v2\/product\/12450","targetHints":{"allow":["GET"]}}],"collection":[{"href":"https:\/\/eltiosam.com.mx\/index.php\/wp-json\/wp\/v2\/product"}],"about":[{"href":"https:\/\/eltiosam.com.mx\/index.php\/wp-json\/wp\/v2\/types\/product"}],"wp:featuredmedia":[{"embeddable":true,"href":"https:\/\/eltiosam.com.mx\/index.php\/wp-json\/wp\/v2\/media\/12453"}],"wp:attachment":[{"href":"https:\/\/eltiosam.com.mx\/index.php\/wp-json\/wp\/v2\/media?parent=12450"}],"wp:term":[{"taxonomy":"product_brand","embeddable":true,"href":"https:\/\/eltiosam.com.mx\/index.php\/wp-json\/wp\/v2\/product_brand?post=12450"},{"taxonomy":"product_cat","embeddable":true,"href":"https:\/\/eltiosam.com.mx\/index.php\/wp-json\/wp\/v2\/product_cat?post=12450"},{"taxonomy":"product_tag","embeddable":true,"href":"https:\/\/eltiosam.com.mx\/index.php\/wp-json\/wp\/v2\/product_tag?post=12450"}],"curies":[{"name":"wp","href":"https:\/\/api.w.org\/{rel}","templated":true}]}}