{"id":12419,"date":"2025-09-25T19:15:23","date_gmt":"2025-09-25T19:15:23","guid":{"rendered":"https:\/\/eltiosam.com.mx\/?post_type=product&#038;p=12419"},"modified":"2025-09-25T19:15:34","modified_gmt":"2025-09-25T19:15:34","slug":"12419","status":"publish","type":"product","link":"https:\/\/eltiosam.com.mx\/index.php\/product\/12419\/","title":{"rendered":"PARRILLA EL\u00c9CTRICA 4 QUEMADORES\tWHIRLPOOL\tWCE55US0HB"},"content":{"rendered":"<p>Parrilla de cocina El\u00e9ctrica 30&#8243; de Vitrocer\u00e1mica &#8211; 4 Quemadores<\/p>\n<p>La parrilla de gas (WCE55US0HB) ofrece un dise\u00f1o funcional con una cubierta de vidrio cer\u00e1mico que facilita la limpieza y aporta un toque moderno a tu cocina. Cuenta con cuatro quemadores, incluyendo un elemento doble FlexHeat\u2122 que se adapta a diferentes tama\u00f1os de utensilios. Adem\u00e1s, sus perillas son aptas para lavavajillas y posee un indicador de superficie caliente para mayor seguridad.<\/p>\n<p>Razones para elegir la parrilla de acero inoxidable Whirlpool:<br \/>\n-Superficie de vidrio cer\u00e1mico: F\u00e1cil de limpiar y resistente al calor, ideal para una cocina pr\u00e1ctica y funcional.<br \/>\n-Elemento radiante dual FlexHeat\u2122: Dise\u00f1o vers\u00e1til con dos niveles de calor para sartenes y ollas de distintos tama\u00f1os.<br \/>\n-Perillas aptas para lavavajillas: Se pueden lavar f\u00e1cilmente en el lavavajillas, ayudando a mantener la parrilla en \u00f3ptimas condiciones.<br \/>\n-Indicador de superficie caliente: Una luz se enciende cuando la superficie sigue caliente, incluso despu\u00e9s de apagar la parrilla, brindando mayor seguridad.<\/p>\n<p>Esta parrilla de gas 4 quemadores combina dise\u00f1o y funcionalidad para facilitar la preparaci\u00f3n de tus comidas diarias. Descubre la eficiencia de la vitrocer\u00e1mica y lleva tu experiencia en la cocina al siguiente nivel. \u00a1Encuentra la tuya hoy mismo!<\/p>\n","protected":false},"excerpt":{"rendered":"<p>Parrilla de cocina El\u00e9ctrica 30&#8243; de Vitrocer\u00e1mica &#8211; 4 Quemadores<\/p>\n<p>La parrilla de gas (WCE55US0HB) ofrece un dise\u00f1o funcional con una cubierta de vidrio cer\u00e1mico que facilita la limpieza y aporta un toque moderno a tu cocina. Cuenta con cuatro quemadores, incluyendo un elemento doble FlexHeat\u2122 que se adapta a diferentes tama\u00f1os de utensilios. Adem\u00e1s, sus perillas son aptas para lavavajillas y posee un indicador de superficie caliente para mayor seguridad.<\/p>\n","protected":false},"featured_media":12422,"template":"","meta":{"_joinchat":[]},"product_brand":[],"product_cat":[189],"product_tag":[204],"class_list":{"0":"post-12419","1":"product","2":"type-product","3":"status-publish","4":"has-post-thumbnail","6":"product_cat-parrillas","7":"product_tag-whirlpool","9":"first","10":"instock","11":"shipping-taxable","12":"product-type-simple"},"_links":{"self":[{"href":"https:\/\/eltiosam.com.mx\/index.php\/wp-json\/wp\/v2\/product\/12419","targetHints":{"allow":["GET"]}}],"collection":[{"href":"https:\/\/eltiosam.com.mx\/index.php\/wp-json\/wp\/v2\/product"}],"about":[{"href":"https:\/\/eltiosam.com.mx\/index.php\/wp-json\/wp\/v2\/types\/product"}],"wp:featuredmedia":[{"embeddable":true,"href":"https:\/\/eltiosam.com.mx\/index.php\/wp-json\/wp\/v2\/media\/12422"}],"wp:attachment":[{"href":"https:\/\/eltiosam.com.mx\/index.php\/wp-json\/wp\/v2\/media?parent=12419"}],"wp:term":[{"taxonomy":"product_brand","embeddable":true,"href":"https:\/\/eltiosam.com.mx\/index.php\/wp-json\/wp\/v2\/product_brand?post=12419"},{"taxonomy":"product_cat","embeddable":true,"href":"https:\/\/eltiosam.com.mx\/index.php\/wp-json\/wp\/v2\/product_cat?post=12419"},{"taxonomy":"product_tag","embeddable":true,"href":"https:\/\/eltiosam.com.mx\/index.php\/wp-json\/wp\/v2\/product_tag?post=12419"}],"curies":[{"name":"wp","href":"https:\/\/api.w.org\/{rel}","templated":true}]}}