{"id":12416,"date":"2025-09-25T19:13:40","date_gmt":"2025-09-25T19:13:40","guid":{"rendered":"https:\/\/eltiosam.com.mx\/?post_type=product&#038;p=12416"},"modified":"2025-09-25T19:13:40","modified_gmt":"2025-09-25T19:13:40","slug":"parrilla-de-5-quemadoreswhirlpoolakt935nb","status":"publish","type":"product","link":"https:\/\/eltiosam.com.mx\/index.php\/product\/parrilla-de-5-quemadoreswhirlpoolakt935nb\/","title":{"rendered":"PARRILLA DE 5 QUEMADORES\tWHIRLPOOL\tAKT935NB"},"content":{"rendered":"<p>Parrilla de Gas de 34&#8243; con elegante cubierta de cristal templado en color negro, no solo lucir\u00e1 extraordinaria en tu cocina, sino que es muy f\u00e1cil de limpiar. Adem\u00e1s cuenta con adaptador para WOK, 5 quemadores, encendido electr\u00f3nico y v\u00e1lvula de sensor de flama de corte de gas que te permite tener todo bajo control.<\/p>\n","protected":false},"excerpt":{"rendered":"<p>Parrilla de Gas de 34&#8243; con elegante cubierta de cristal templado en color negro, no solo lucir\u00e1 extraordinaria en tu cocina, sino que es muy f\u00e1cil de limpiar. Adem\u00e1s cuenta con adaptador para WOK, 5 quemadores, encendido electr\u00f3nico y v\u00e1lvula de sensor de flama de corte de gas que te permite tener todo bajo control.<\/p>\n","protected":false},"featured_media":12418,"template":"","meta":{"_joinchat":[]},"product_brand":[],"product_cat":[189],"product_tag":[204],"class_list":{"0":"post-12416","1":"product","2":"type-product","3":"status-publish","4":"has-post-thumbnail","6":"product_cat-parrillas","7":"product_tag-whirlpool","9":"first","10":"instock","11":"shipping-taxable","12":"product-type-simple"},"_links":{"self":[{"href":"https:\/\/eltiosam.com.mx\/index.php\/wp-json\/wp\/v2\/product\/12416","targetHints":{"allow":["GET"]}}],"collection":[{"href":"https:\/\/eltiosam.com.mx\/index.php\/wp-json\/wp\/v2\/product"}],"about":[{"href":"https:\/\/eltiosam.com.mx\/index.php\/wp-json\/wp\/v2\/types\/product"}],"wp:featuredmedia":[{"embeddable":true,"href":"https:\/\/eltiosam.com.mx\/index.php\/wp-json\/wp\/v2\/media\/12418"}],"wp:attachment":[{"href":"https:\/\/eltiosam.com.mx\/index.php\/wp-json\/wp\/v2\/media?parent=12416"}],"wp:term":[{"taxonomy":"product_brand","embeddable":true,"href":"https:\/\/eltiosam.com.mx\/index.php\/wp-json\/wp\/v2\/product_brand?post=12416"},{"taxonomy":"product_cat","embeddable":true,"href":"https:\/\/eltiosam.com.mx\/index.php\/wp-json\/wp\/v2\/product_cat?post=12416"},{"taxonomy":"product_tag","embeddable":true,"href":"https:\/\/eltiosam.com.mx\/index.php\/wp-json\/wp\/v2\/product_tag?post=12416"}],"curies":[{"name":"wp","href":"https:\/\/api.w.org\/{rel}","templated":true}]}}