{"id":12397,"date":"2025-09-25T19:06:51","date_gmt":"2025-09-25T19:06:51","guid":{"rendered":"https:\/\/eltiosam.com.mx\/?post_type=product&#038;p=12397"},"modified":"2025-09-25T19:07:12","modified_gmt":"2025-09-25T19:07:12","slug":"estufa-electrica-empotrable-30whirlpoolwbre2420d","status":"publish","type":"product","link":"https:\/\/eltiosam.com.mx\/index.php\/product\/estufa-electrica-empotrable-30whirlpoolwbre2420d\/","title":{"rendered":"ESTUFA EL\u00c9CTRICA EMPOTRABLE 30&#8243;\tWHIRLPOOL\tWBRE2420D"},"content":{"rendered":"<p>Nuevo dise\u00f1o con perillas superiores para mayor control, cubierta de vitrocer\u00e1mica Schott Ceran, uniforme y resistente. El elemento de horneado se encuentra oculto para f\u00e1cil limpieza<\/p>\n","protected":false},"excerpt":{"rendered":"<p>Nuevo dise\u00f1o con perillas superiores para mayor control, cubierta de vitrocer\u00e1mica Schott Ceran, uniforme y resistente. El elemento de horneado se encuentra oculto para f\u00e1cil limpieza<\/p>\n","protected":false},"featured_media":12401,"template":"","meta":{"_joinchat":[]},"product_brand":[],"product_cat":[171],"product_tag":[204],"class_list":{"0":"post-12397","1":"product","2":"type-product","3":"status-publish","4":"has-post-thumbnail","6":"product_cat-estufas-de-empotre","7":"product_tag-whirlpool","9":"first","10":"instock","11":"shipping-taxable","12":"product-type-simple"},"_links":{"self":[{"href":"https:\/\/eltiosam.com.mx\/index.php\/wp-json\/wp\/v2\/product\/12397","targetHints":{"allow":["GET"]}}],"collection":[{"href":"https:\/\/eltiosam.com.mx\/index.php\/wp-json\/wp\/v2\/product"}],"about":[{"href":"https:\/\/eltiosam.com.mx\/index.php\/wp-json\/wp\/v2\/types\/product"}],"wp:featuredmedia":[{"embeddable":true,"href":"https:\/\/eltiosam.com.mx\/index.php\/wp-json\/wp\/v2\/media\/12401"}],"wp:attachment":[{"href":"https:\/\/eltiosam.com.mx\/index.php\/wp-json\/wp\/v2\/media?parent=12397"}],"wp:term":[{"taxonomy":"product_brand","embeddable":true,"href":"https:\/\/eltiosam.com.mx\/index.php\/wp-json\/wp\/v2\/product_brand?post=12397"},{"taxonomy":"product_cat","embeddable":true,"href":"https:\/\/eltiosam.com.mx\/index.php\/wp-json\/wp\/v2\/product_cat?post=12397"},{"taxonomy":"product_tag","embeddable":true,"href":"https:\/\/eltiosam.com.mx\/index.php\/wp-json\/wp\/v2\/product_tag?post=12397"}],"curies":[{"name":"wp","href":"https:\/\/api.w.org\/{rel}","templated":true}]}}