{"id":12393,"date":"2025-09-25T19:04:59","date_gmt":"2025-09-25T19:04:59","guid":{"rendered":"https:\/\/eltiosam.com.mx\/?post_type=product&#038;p=12393"},"modified":"2025-09-25T19:05:00","modified_gmt":"2025-09-25T19:05:00","slug":"lavavajillas-15-servicioswhirlpoolwdf840sfgs","status":"publish","type":"product","link":"https:\/\/eltiosam.com.mx\/index.php\/product\/lavavajillas-15-servicioswhirlpoolwdf840sfgs\/","title":{"rendered":"LAVAVAJILLAS 15 SERVICIOS\tWHIRLPOOL\tWDF840SFGS"},"content":{"rendered":"<p>El lavaplatos Xpert Wash (WDF840SFGS) libre de empotre te da la flexibilidad de colocarlo en el espacio que mejor se adapte a tu cocina.<\/p>\n<p>Su sistema de lavado con inyectores de agua mejora la limpieza y permite una mayor capacidad de carga, mientras que su tercer rack flexible optimiza el espacio para lavar m\u00e1s utensilios en una sola carga.<\/p>\n<h3><strong>Principales beneficios del lavavajillas Whirlpool:<\/strong><\/h3>\n<ul>\n<li><strong>Xpert Wash:<\/strong>\u00a0Inyectores de agua con 60% m\u00e1s potencia* para una limpieza eficiente sin prelavado.<\/li>\n<li><strong>Smart Sensor:\u00a0<\/strong>Detecta el tama\u00f1o y nivel de suciedad, ajustando el ciclo de lavado autom\u00e1ticamente.<\/li>\n<li><strong>Natural Dry:<\/strong>\u00a0Secado natural con apertura autom\u00e1tica de la puerta para ahorrar hasta 25% de energ\u00eda.<\/li>\n<li><strong>Tercer rack ajustable:<\/strong>\u00a0M\u00e1s espacio y limpieza con inyectores de agua integrados.<\/li>\n<li><strong>Ciclo de sanitizaci\u00f3n:<\/strong>\u00a0Elimina hasta el 99.999% de bacterias.<\/li>\n<\/ul>\n<p>Disfruta de una limpieza eficiente y un acomodo flexible en cada ciclo. Descubre c\u00f3mo este lavavajillas empotrable puede hacer tu d\u00eda a d\u00eda m\u00e1s pr\u00e1ctico.<\/p>\n","protected":false},"excerpt":{"rendered":"<p>El lavaplatos Xpert Wash (WDF840SFGS) libre de empotre te da la flexibilidad de colocarlo en el espacio que mejor se adapte a tu cocina.<\/p>\n<p>Su sistema de lavado con inyectores de agua mejora la limpieza y permite una mayor capacidad de carga, mientras que su tercer rack flexible optimiza el espacio para lavar m\u00e1s utensilios en una sola carga.<\/p>\n<h3><\/h3>\n","protected":false},"featured_media":12396,"template":"","meta":{"_joinchat":[]},"product_brand":[],"product_cat":[43],"product_tag":[204],"class_list":{"0":"post-12393","1":"product","2":"type-product","3":"status-publish","4":"has-post-thumbnail","6":"product_cat-lavavajillas","7":"product_tag-whirlpool","9":"first","10":"instock","11":"shipping-taxable","12":"product-type-simple"},"_links":{"self":[{"href":"https:\/\/eltiosam.com.mx\/index.php\/wp-json\/wp\/v2\/product\/12393","targetHints":{"allow":["GET"]}}],"collection":[{"href":"https:\/\/eltiosam.com.mx\/index.php\/wp-json\/wp\/v2\/product"}],"about":[{"href":"https:\/\/eltiosam.com.mx\/index.php\/wp-json\/wp\/v2\/types\/product"}],"wp:featuredmedia":[{"embeddable":true,"href":"https:\/\/eltiosam.com.mx\/index.php\/wp-json\/wp\/v2\/media\/12396"}],"wp:attachment":[{"href":"https:\/\/eltiosam.com.mx\/index.php\/wp-json\/wp\/v2\/media?parent=12393"}],"wp:term":[{"taxonomy":"product_brand","embeddable":true,"href":"https:\/\/eltiosam.com.mx\/index.php\/wp-json\/wp\/v2\/product_brand?post=12393"},{"taxonomy":"product_cat","embeddable":true,"href":"https:\/\/eltiosam.com.mx\/index.php\/wp-json\/wp\/v2\/product_cat?post=12393"},{"taxonomy":"product_tag","embeddable":true,"href":"https:\/\/eltiosam.com.mx\/index.php\/wp-json\/wp\/v2\/product_tag?post=12393"}],"curies":[{"name":"wp","href":"https:\/\/api.w.org\/{rel}","templated":true}]}}