{"id":12343,"date":"2025-09-22T19:29:45","date_gmt":"2025-09-22T19:29:45","guid":{"rendered":"https:\/\/eltiosam.com.mx\/?post_type=product&#038;p=12343"},"modified":"2025-09-22T19:29:45","modified_gmt":"2025-09-22T19:29:45","slug":"parrilla-de-gas-5-quemadores-87cmsupra5q-tm-87","status":"publish","type":"product","link":"https:\/\/eltiosam.com.mx\/index.php\/product\/parrilla-de-gas-5-quemadores-87cmsupra5q-tm-87\/","title":{"rendered":"PARRILLA DE GAS 5 QUEMADORES 87CM\tSUPRA\t5Q-TM-87"},"content":{"rendered":"<ul>\n<li>Parrilla de gas de cristal templado acabado espejo para 87cm<\/li>\n<li>Parrillas superiores de hierro fundido<\/li>\n<li>Estufa de gas con quemadores en aleaci\u00f3n de aluminio con distintos tama\u00f1os y capacidades t\u00e9rmicas<\/li>\n<li>5 quemadores y tapas de hierro fundido<\/li>\n<li>Encendido electr\u00f3nico en cada uno de sus quemadores<\/li>\n<li>Funciona con gas lp, y con gas natural<\/li>\n<li>Elegante cubierta superior en acero brillante<\/li>\n<li>V\u00e1lvula de seguridad con dispositivo contra apertura accidental<\/li>\n<\/ul>\n","protected":false},"excerpt":{"rendered":"<ul>\n<li>Parrilla de gas de cristal templado acabado espejo para 87cm<\/li>\n<li>Parrillas superiores de hierro fundido<\/li>\n<li>Estufa de gas con quemadores en aleaci\u00f3n de aluminio con distintos tama\u00f1os y capacidades t\u00e9rmicas<\/li>\n<li>5 quemadores y tapas de hierro fundido<\/li>\n<li>Encendido electr\u00f3nico en cada uno de sus quemadores<\/li>\n<li>Funciona con gas lp, y con gas natural<\/li>\n<li>Elegante cubierta superior en acero brillante<\/li>\n<li>V\u00e1lvula de seguridad con dispositivo contra apertura accidental<\/li>\n<\/ul>\n","protected":false},"featured_media":12345,"template":"","meta":{"_joinchat":[]},"product_brand":[],"product_cat":[189],"product_tag":[236],"class_list":{"0":"post-12343","1":"product","2":"type-product","3":"status-publish","4":"has-post-thumbnail","6":"product_cat-parrillas","7":"product_tag-supra","9":"first","10":"instock","11":"shipping-taxable","12":"product-type-simple"},"_links":{"self":[{"href":"https:\/\/eltiosam.com.mx\/index.php\/wp-json\/wp\/v2\/product\/12343","targetHints":{"allow":["GET"]}}],"collection":[{"href":"https:\/\/eltiosam.com.mx\/index.php\/wp-json\/wp\/v2\/product"}],"about":[{"href":"https:\/\/eltiosam.com.mx\/index.php\/wp-json\/wp\/v2\/types\/product"}],"wp:featuredmedia":[{"embeddable":true,"href":"https:\/\/eltiosam.com.mx\/index.php\/wp-json\/wp\/v2\/media\/12345"}],"wp:attachment":[{"href":"https:\/\/eltiosam.com.mx\/index.php\/wp-json\/wp\/v2\/media?parent=12343"}],"wp:term":[{"taxonomy":"product_brand","embeddable":true,"href":"https:\/\/eltiosam.com.mx\/index.php\/wp-json\/wp\/v2\/product_brand?post=12343"},{"taxonomy":"product_cat","embeddable":true,"href":"https:\/\/eltiosam.com.mx\/index.php\/wp-json\/wp\/v2\/product_cat?post=12343"},{"taxonomy":"product_tag","embeddable":true,"href":"https:\/\/eltiosam.com.mx\/index.php\/wp-json\/wp\/v2\/product_tag?post=12343"}],"curies":[{"name":"wp","href":"https:\/\/api.w.org\/{rel}","templated":true}]}}