{"id":12274,"date":"2025-09-22T18:56:06","date_gmt":"2025-09-22T18:56:06","guid":{"rendered":"https:\/\/eltiosam.com.mx\/?post_type=product&#038;p=12274"},"modified":"2025-09-22T18:56:07","modified_gmt":"2025-09-22T18:56:07","slug":"congelador-7mabechm7ppl","status":"publish","type":"product","link":"https:\/\/eltiosam.com.mx\/index.php\/product\/congelador-7mabechm7ppl\/","title":{"rendered":"CONGELADOR 7&#8243;\tMABE\tCHM7PPL"},"content":{"rendered":"<p>Congelador Blanco de 7 pies c\u00fabicos\/198L con tecnolog\u00eda ColdExtra 150 que proporciona hasta 150 horas de fr\u00edo sin electricidad. Cuenta con sistema triple funci\u00f3n, 9 ajustes de temperatura hasta -29\u00b0C y cerradura de seguridad. Incluye luz interior LED, enfriamiento por escarcha y canasta de alambre que permite distribuci\u00f3n uniforme del aire.<\/p>\n","protected":false},"excerpt":{"rendered":"<p>Congelador Blanco de 7 pies c\u00fabicos\/198L con tecnolog\u00eda ColdExtra 150 que proporciona hasta 150 horas de fr\u00edo sin electricidad. Cuenta con sistema triple funci\u00f3n, 9 ajustes de temperatura hasta -29\u00b0C y cerradura de seguridad. Incluye luz interior LED, enfriamiento por escarcha y canasta de alambre que permite distribuci\u00f3n uniforme del aire.<\/p>\n","protected":false},"featured_media":12277,"template":"","meta":{"_joinchat":[]},"product_brand":[],"product_cat":[52],"product_tag":[21],"class_list":{"0":"post-12274","1":"product","2":"type-product","3":"status-publish","4":"has-post-thumbnail","6":"product_cat-congeladores","7":"product_tag-mabe","9":"first","10":"instock","11":"shipping-taxable","12":"product-type-simple"},"_links":{"self":[{"href":"https:\/\/eltiosam.com.mx\/index.php\/wp-json\/wp\/v2\/product\/12274","targetHints":{"allow":["GET"]}}],"collection":[{"href":"https:\/\/eltiosam.com.mx\/index.php\/wp-json\/wp\/v2\/product"}],"about":[{"href":"https:\/\/eltiosam.com.mx\/index.php\/wp-json\/wp\/v2\/types\/product"}],"wp:featuredmedia":[{"embeddable":true,"href":"https:\/\/eltiosam.com.mx\/index.php\/wp-json\/wp\/v2\/media\/12277"}],"wp:attachment":[{"href":"https:\/\/eltiosam.com.mx\/index.php\/wp-json\/wp\/v2\/media?parent=12274"}],"wp:term":[{"taxonomy":"product_brand","embeddable":true,"href":"https:\/\/eltiosam.com.mx\/index.php\/wp-json\/wp\/v2\/product_brand?post=12274"},{"taxonomy":"product_cat","embeddable":true,"href":"https:\/\/eltiosam.com.mx\/index.php\/wp-json\/wp\/v2\/product_cat?post=12274"},{"taxonomy":"product_tag","embeddable":true,"href":"https:\/\/eltiosam.com.mx\/index.php\/wp-json\/wp\/v2\/product_tag?post=12274"}],"curies":[{"name":"wp","href":"https:\/\/api.w.org\/{rel}","templated":true}]}}