{"id":12225,"date":"2025-09-22T17:59:39","date_gmt":"2025-09-22T17:59:39","guid":{"rendered":"https:\/\/eltiosam.com.mx\/?post_type=product&#038;p=12225"},"modified":"2025-09-22T17:59:40","modified_gmt":"2025-09-22T17:59:40","slug":"refrigeradores-gemelos-19p3ge-profilegempdf19ebtcd","status":"publish","type":"product","link":"https:\/\/eltiosam.com.mx\/index.php\/product\/refrigeradores-gemelos-19p3ge-profilegempdf19ebtcd\/","title":{"rendered":"REFRIGERADORES GEMELOS 19P3\tGE PROFILE\tGEMPDF19EBTCD"},"content":{"rendered":"<p>Sistema de Enfriamiento: Interior m\u00e1s fr\u00edo y alimentos m\u00e1s frescos. Sensores que determinan la temperatura ideal para mantener siempre frescos los alimentos, Luz LED para mayor visibilidad en todos los espacios, Alarma de puerta abierta, Filtro de agua.<\/p>\n","protected":false},"excerpt":{"rendered":"<p>Sistema de Enfriamiento: Interior m\u00e1s fr\u00edo y alimentos m\u00e1s frescos. Sensores que determinan la temperatura ideal para mantener siempre frescos los alimentos, Luz LED para mayor visibilidad en todos los espacios, Alarma de puerta abierta, Filtro de agua.<\/p>\n","protected":false},"featured_media":12228,"template":"","meta":{"_joinchat":[]},"product_brand":[],"product_cat":[41],"product_tag":[117],"class_list":{"0":"post-12225","1":"product","2":"type-product","3":"status-publish","4":"has-post-thumbnail","6":"product_cat-refrigeradores","7":"product_tag-ge-profile","9":"first","10":"instock","11":"shipping-taxable","12":"product-type-simple"},"_links":{"self":[{"href":"https:\/\/eltiosam.com.mx\/index.php\/wp-json\/wp\/v2\/product\/12225","targetHints":{"allow":["GET"]}}],"collection":[{"href":"https:\/\/eltiosam.com.mx\/index.php\/wp-json\/wp\/v2\/product"}],"about":[{"href":"https:\/\/eltiosam.com.mx\/index.php\/wp-json\/wp\/v2\/types\/product"}],"wp:featuredmedia":[{"embeddable":true,"href":"https:\/\/eltiosam.com.mx\/index.php\/wp-json\/wp\/v2\/media\/12228"}],"wp:attachment":[{"href":"https:\/\/eltiosam.com.mx\/index.php\/wp-json\/wp\/v2\/media?parent=12225"}],"wp:term":[{"taxonomy":"product_brand","embeddable":true,"href":"https:\/\/eltiosam.com.mx\/index.php\/wp-json\/wp\/v2\/product_brand?post=12225"},{"taxonomy":"product_cat","embeddable":true,"href":"https:\/\/eltiosam.com.mx\/index.php\/wp-json\/wp\/v2\/product_cat?post=12225"},{"taxonomy":"product_tag","embeddable":true,"href":"https:\/\/eltiosam.com.mx\/index.php\/wp-json\/wp\/v2\/product_tag?post=12225"}],"curies":[{"name":"wp","href":"https:\/\/api.w.org\/{rel}","templated":true}]}}