{"id":12199,"date":"2025-09-22T17:49:07","date_gmt":"2025-09-22T17:49:07","guid":{"rendered":"https:\/\/eltiosam.com.mx\/?post_type=product&#038;p=12199"},"modified":"2025-09-22T17:49:08","modified_gmt":"2025-09-22T17:49:08","slug":"parrilla-electrica-de-5-quemadores-90cmge-profilepp936smss","status":"publish","type":"product","link":"https:\/\/eltiosam.com.mx\/index.php\/product\/parrilla-electrica-de-5-quemadores-90cmge-profilepp936smss\/","title":{"rendered":"PARRILLA EL\u00c9CTRICA DE 5 QUEMADORES 90CM\tGE PROFILE\tPP936SMSS"},"content":{"rendered":"<p>Parrilla GE Profile vitrocer\u00e1mica 90ms el\u00e9ctrica, vidrio negro, controles y display digital y 5 zonas de cocci\u00f3n.<\/p>\n","protected":false},"excerpt":{"rendered":"<p>Parrilla GE Profile vitrocer\u00e1mica 90ms el\u00e9ctrica, vidrio negro, controles y display digital y 5 zonas de cocci\u00f3n.<\/p>\n","protected":false},"featured_media":12202,"template":"","meta":{"_joinchat":[]},"product_brand":[],"product_cat":[189],"product_tag":[117],"class_list":{"0":"post-12199","1":"product","2":"type-product","3":"status-publish","4":"has-post-thumbnail","6":"product_cat-parrillas","7":"product_tag-ge-profile","9":"first","10":"instock","11":"shipping-taxable","12":"product-type-simple"},"_links":{"self":[{"href":"https:\/\/eltiosam.com.mx\/index.php\/wp-json\/wp\/v2\/product\/12199","targetHints":{"allow":["GET"]}}],"collection":[{"href":"https:\/\/eltiosam.com.mx\/index.php\/wp-json\/wp\/v2\/product"}],"about":[{"href":"https:\/\/eltiosam.com.mx\/index.php\/wp-json\/wp\/v2\/types\/product"}],"wp:featuredmedia":[{"embeddable":true,"href":"https:\/\/eltiosam.com.mx\/index.php\/wp-json\/wp\/v2\/media\/12202"}],"wp:attachment":[{"href":"https:\/\/eltiosam.com.mx\/index.php\/wp-json\/wp\/v2\/media?parent=12199"}],"wp:term":[{"taxonomy":"product_brand","embeddable":true,"href":"https:\/\/eltiosam.com.mx\/index.php\/wp-json\/wp\/v2\/product_brand?post=12199"},{"taxonomy":"product_cat","embeddable":true,"href":"https:\/\/eltiosam.com.mx\/index.php\/wp-json\/wp\/v2\/product_cat?post=12199"},{"taxonomy":"product_tag","embeddable":true,"href":"https:\/\/eltiosam.com.mx\/index.php\/wp-json\/wp\/v2\/product_tag?post=12199"}],"curies":[{"name":"wp","href":"https:\/\/api.w.org\/{rel}","templated":true}]}}