{"id":12183,"date":"2025-09-22T17:40:52","date_gmt":"2025-09-22T17:40:52","guid":{"rendered":"https:\/\/eltiosam.com.mx\/?post_type=product&#038;p=12183"},"modified":"2025-09-22T17:40:54","modified_gmt":"2025-09-22T17:40:54","slug":"parrilla-de-4-quemadores-60cmge-profilepgp64krti0","status":"publish","type":"product","link":"https:\/\/eltiosam.com.mx\/index.php\/product\/parrilla-de-4-quemadores-60cmge-profilepgp64krti0\/","title":{"rendered":"PARRILLA DE 4 QUEMADORES 60CM\tGE PROFILE\tPGP64KRTI0"},"content":{"rendered":"<p>Recubrimiento TEON: tecnolog\u00eda nano-cer\u00e1mica que evita el amarillamiento del acero manteniendo la parrilla como nueva, Master ring: quemador multinivel con dos flamas, Iluminaci\u00f3n en perillas: seguridad para saber cu\u00e1l quemador est\u00e1 encendido.<\/p>\n","protected":false},"excerpt":{"rendered":"<p>Recubrimiento TEON: tecnolog\u00eda nano-cer\u00e1mica que evita el amarillamiento del acero manteniendo la parrilla como nueva, Master ring: quemador multinivel con dos flamas, Iluminaci\u00f3n en perillas: seguridad para saber cu\u00e1l quemador est\u00e1 encendido.<\/p>\n","protected":false},"featured_media":12186,"template":"","meta":{"_joinchat":[]},"product_brand":[],"product_cat":[189],"product_tag":[57],"class_list":{"0":"post-12183","1":"product","2":"type-product","3":"status-publish","4":"has-post-thumbnail","6":"product_cat-parrillas","7":"product_tag-ge","9":"first","10":"instock","11":"shipping-taxable","12":"product-type-simple"},"_links":{"self":[{"href":"https:\/\/eltiosam.com.mx\/index.php\/wp-json\/wp\/v2\/product\/12183","targetHints":{"allow":["GET"]}}],"collection":[{"href":"https:\/\/eltiosam.com.mx\/index.php\/wp-json\/wp\/v2\/product"}],"about":[{"href":"https:\/\/eltiosam.com.mx\/index.php\/wp-json\/wp\/v2\/types\/product"}],"wp:featuredmedia":[{"embeddable":true,"href":"https:\/\/eltiosam.com.mx\/index.php\/wp-json\/wp\/v2\/media\/12186"}],"wp:attachment":[{"href":"https:\/\/eltiosam.com.mx\/index.php\/wp-json\/wp\/v2\/media?parent=12183"}],"wp:term":[{"taxonomy":"product_brand","embeddable":true,"href":"https:\/\/eltiosam.com.mx\/index.php\/wp-json\/wp\/v2\/product_brand?post=12183"},{"taxonomy":"product_cat","embeddable":true,"href":"https:\/\/eltiosam.com.mx\/index.php\/wp-json\/wp\/v2\/product_cat?post=12183"},{"taxonomy":"product_tag","embeddable":true,"href":"https:\/\/eltiosam.com.mx\/index.php\/wp-json\/wp\/v2\/product_tag?post=12183"}],"curies":[{"name":"wp","href":"https:\/\/api.w.org\/{rel}","templated":true}]}}