{"id":11958,"date":"2025-08-11T22:50:33","date_gmt":"2025-08-11T22:50:33","guid":{"rendered":"https:\/\/eltiosam.com.mx\/?post_type=product&#038;p=11958"},"modified":"2025-08-11T22:50:34","modified_gmt":"2025-08-11T22:50:34","slug":"refrigeradores-gemelos-465l-c-uhaiergemh500pdrss","status":"publish","type":"product","link":"https:\/\/eltiosam.com.mx\/index.php\/product\/refrigeradores-gemelos-465l-c-uhaiergemh500pdrss\/","title":{"rendered":"REFRIGERADORES GEMELOS 465L C\/U\tHAIER\tGEMH500PDRSS"},"content":{"rendered":"<p>Refrigerador gemelo Haier con trim cuenta con display t\u00e1ctil en puerta, jaladeras tipo pocket, 2 anaqueles en puerta, luz led tipo teatro, 3 parrillas de cristal templado, 3 cajones transparentes, funci\u00f3n super freeze para congelar r\u00e1pidamente los alimentos, funci\u00f3n vacaciones para ahorro de energ\u00eda.<\/p>\n","protected":false},"excerpt":{"rendered":"<p>Refrigerador gemelo Haier con trim cuenta con display t\u00e1ctil en puerta, jaladeras tipo pocket, 2 anaqueles en puerta, luz led tipo teatro, 3 parrillas de cristal templado, 3 cajones transparentes, funci\u00f3n super freeze para congelar r\u00e1pidamente los alimentos, funci\u00f3n vacaciones para ahorro de energ\u00eda.<\/p>\n","protected":false},"featured_media":11963,"template":"","meta":{"_joinchat":[]},"product_brand":[],"product_cat":[41],"product_tag":[],"class_list":{"0":"post-11958","1":"product","2":"type-product","3":"status-publish","4":"has-post-thumbnail","6":"product_cat-refrigeradores","8":"first","9":"instock","10":"shipping-taxable","11":"product-type-simple"},"_links":{"self":[{"href":"https:\/\/eltiosam.com.mx\/index.php\/wp-json\/wp\/v2\/product\/11958","targetHints":{"allow":["GET"]}}],"collection":[{"href":"https:\/\/eltiosam.com.mx\/index.php\/wp-json\/wp\/v2\/product"}],"about":[{"href":"https:\/\/eltiosam.com.mx\/index.php\/wp-json\/wp\/v2\/types\/product"}],"wp:featuredmedia":[{"embeddable":true,"href":"https:\/\/eltiosam.com.mx\/index.php\/wp-json\/wp\/v2\/media\/11963"}],"wp:attachment":[{"href":"https:\/\/eltiosam.com.mx\/index.php\/wp-json\/wp\/v2\/media?parent=11958"}],"wp:term":[{"taxonomy":"product_brand","embeddable":true,"href":"https:\/\/eltiosam.com.mx\/index.php\/wp-json\/wp\/v2\/product_brand?post=11958"},{"taxonomy":"product_cat","embeddable":true,"href":"https:\/\/eltiosam.com.mx\/index.php\/wp-json\/wp\/v2\/product_cat?post=11958"},{"taxonomy":"product_tag","embeddable":true,"href":"https:\/\/eltiosam.com.mx\/index.php\/wp-json\/wp\/v2\/product_tag?post=11958"}],"curies":[{"name":"wp","href":"https:\/\/api.w.org\/{rel}","templated":true}]}}