{"id":11937,"date":"2025-08-11T22:40:13","date_gmt":"2025-08-11T22:40:13","guid":{"rendered":"https:\/\/eltiosam.com.mx\/?post_type=product&#038;p=11937"},"modified":"2025-08-11T22:40:14","modified_gmt":"2025-08-11T22:40:14","slug":"horno-de-gas-60cm-supra-weller","status":"publish","type":"product","link":"https:\/\/eltiosam.com.mx\/index.php\/product\/horno-de-gas-60cm-supra-weller\/","title":{"rendered":"HORNO DE GAS 60CM SUPRA WELLER"},"content":{"rendered":"<ul>\n<li>Horno en acero inoxidable y puerta cristal espejo de 60 cm<\/li>\n<li>Temporizador de hasta 90 m\u00edn<\/li>\n<li>Quemador superior el\u00e9ctrico SMARTWarm para asar y gratinar hasta 200 \u00b0C<\/li>\n<li>Quemador inferior a gas SMARTFlame para hornear hasta 250 \u00b0C<\/li>\n<li>Tecnolog\u00eda HEATJail para reducci\u00f3n de escapes de calor y ahorro de energ\u00eda<\/li>\n<li>Funciona con Gas L.P. o Natural (incluye espreas para adaptaci\u00f3n)<\/li>\n<\/ul>\n","protected":false},"excerpt":{"rendered":"<p>Horno en acero inoxidable y puerta cristal espejo de 60 cm Temporizador de hasta 90 m\u00edn Quemador superior el\u00e9ctrico SMARTWarm para asar y gratinar hasta 200 \u00b0C Quemador inferior a gas SMARTFlame para hornear hasta 250 \u00b0C Tecnolog\u00eda HEATJail para reducci\u00f3n de escapes de calor y ahorro de energ\u00eda Funciona con Gas L.P. o Natural [&hellip;]<\/p>\n","protected":false},"featured_media":11941,"template":"","meta":{"_joinchat":[]},"product_brand":[],"product_cat":[175],"product_tag":[236],"class_list":{"0":"post-11937","1":"product","2":"type-product","3":"status-publish","4":"has-post-thumbnail","6":"product_cat-hornos","7":"product_tag-supra","9":"first","10":"instock","11":"shipping-taxable","12":"product-type-simple"},"_links":{"self":[{"href":"https:\/\/eltiosam.com.mx\/index.php\/wp-json\/wp\/v2\/product\/11937","targetHints":{"allow":["GET"]}}],"collection":[{"href":"https:\/\/eltiosam.com.mx\/index.php\/wp-json\/wp\/v2\/product"}],"about":[{"href":"https:\/\/eltiosam.com.mx\/index.php\/wp-json\/wp\/v2\/types\/product"}],"wp:featuredmedia":[{"embeddable":true,"href":"https:\/\/eltiosam.com.mx\/index.php\/wp-json\/wp\/v2\/media\/11941"}],"wp:attachment":[{"href":"https:\/\/eltiosam.com.mx\/index.php\/wp-json\/wp\/v2\/media?parent=11937"}],"wp:term":[{"taxonomy":"product_brand","embeddable":true,"href":"https:\/\/eltiosam.com.mx\/index.php\/wp-json\/wp\/v2\/product_brand?post=11937"},{"taxonomy":"product_cat","embeddable":true,"href":"https:\/\/eltiosam.com.mx\/index.php\/wp-json\/wp\/v2\/product_cat?post=11937"},{"taxonomy":"product_tag","embeddable":true,"href":"https:\/\/eltiosam.com.mx\/index.php\/wp-json\/wp\/v2\/product_tag?post=11937"}],"curies":[{"name":"wp","href":"https:\/\/api.w.org\/{rel}","templated":true}]}}