{"id":11848,"date":"2025-07-17T06:01:56","date_gmt":"2025-07-17T06:01:56","guid":{"rendered":"https:\/\/eltiosam.com.mx\/?post_type=product&#038;p=11848"},"modified":"2025-07-17T06:01:57","modified_gmt":"2025-07-17T06:01:57","slug":"parrilla-de-5-quemadores-76cm-supra-5q-ps-76","status":"publish","type":"product","link":"https:\/\/eltiosam.com.mx\/index.php\/product\/parrilla-de-5-quemadores-76cm-supra-5q-ps-76\/","title":{"rendered":"PARRILLA DE 5 QUEMADORES 76CM SUPRA 5Q-PS-76"},"content":{"rendered":"<ul>\n<li>Parrilla a gas con 5 quemadores para 76cm<\/li>\n<li>Parrillas superiores de hierro fundido.<\/li>\n<li>Estufa empotrable con quemadores en aleaci\u00f3n de aluminio con distintos tama\u00f1os y capacidades t\u00e9rmicas.<\/li>\n<li>5 quemadores con tapas de hierro fundido.<\/li>\n<li>Encendido electr\u00f3nico en cada uno de sus quemadores.<\/li>\n<li>Funciona con gas L.P. y con gas natural.<\/li>\n<li>Elegante cubierta superior en acero inoxidable<\/li>\n<\/ul>\n","protected":false},"excerpt":{"rendered":"<p>Parrilla a gas con 5 quemadores para 76cm Parrillas superiores de hierro fundido. Estufa empotrable con quemadores en aleaci\u00f3n de aluminio con distintos tama\u00f1os y capacidades t\u00e9rmicas. 5 quemadores con tapas de hierro fundido. Encendido electr\u00f3nico en cada uno de sus quemadores. Funciona con gas L.P. y con gas natural. Elegante cubierta superior en acero [&hellip;]<\/p>\n","protected":false},"featured_media":11851,"template":"","meta":{"_joinchat":[]},"product_brand":[],"product_cat":[189],"product_tag":[236],"class_list":{"0":"post-11848","1":"product","2":"type-product","3":"status-publish","4":"has-post-thumbnail","6":"product_cat-parrillas","7":"product_tag-supra","9":"first","10":"instock","11":"shipping-taxable","12":"product-type-simple"},"_links":{"self":[{"href":"https:\/\/eltiosam.com.mx\/index.php\/wp-json\/wp\/v2\/product\/11848","targetHints":{"allow":["GET"]}}],"collection":[{"href":"https:\/\/eltiosam.com.mx\/index.php\/wp-json\/wp\/v2\/product"}],"about":[{"href":"https:\/\/eltiosam.com.mx\/index.php\/wp-json\/wp\/v2\/types\/product"}],"wp:featuredmedia":[{"embeddable":true,"href":"https:\/\/eltiosam.com.mx\/index.php\/wp-json\/wp\/v2\/media\/11851"}],"wp:attachment":[{"href":"https:\/\/eltiosam.com.mx\/index.php\/wp-json\/wp\/v2\/media?parent=11848"}],"wp:term":[{"taxonomy":"product_brand","embeddable":true,"href":"https:\/\/eltiosam.com.mx\/index.php\/wp-json\/wp\/v2\/product_brand?post=11848"},{"taxonomy":"product_cat","embeddable":true,"href":"https:\/\/eltiosam.com.mx\/index.php\/wp-json\/wp\/v2\/product_cat?post=11848"},{"taxonomy":"product_tag","embeddable":true,"href":"https:\/\/eltiosam.com.mx\/index.php\/wp-json\/wp\/v2\/product_tag?post=11848"}],"curies":[{"name":"wp","href":"https:\/\/api.w.org\/{rel}","templated":true}]}}