{"id":11830,"date":"2025-07-17T05:51:01","date_gmt":"2025-07-17T05:51:01","guid":{"rendered":"https:\/\/eltiosam.com.mx\/?post_type=product&#038;p=11830"},"modified":"2025-07-17T05:51:01","modified_gmt":"2025-07-17T05:51:01","slug":"horno-de-gas-60cm-io-mabe-io6056hgwi1","status":"publish","type":"product","link":"https:\/\/eltiosam.com.mx\/index.php\/product\/horno-de-gas-60cm-io-mabe-io6056hgwi1\/","title":{"rendered":"HORNO DE GAS 60CM IO MABE IO6056HGWI1"},"content":{"rendered":"<p>Convecci\u00f3n: distribuci\u00f3n de calor que te permite mayor eficiencia en tiempo y energ\u00eda para una cocci\u00f3n uniforme de los alimentos. Luz en perillas: dise\u00f1o y funcionalidad que ilumina la perilla cuando el horno se encuentra encendido, Sensor de flama: m\u00e1xima seguridad, corta el flujo de gas en caso de que la llama se apague.<\/p>\n","protected":false},"excerpt":{"rendered":"<p>Convecci\u00f3n: distribuci\u00f3n de calor que te permite mayor eficiencia en tiempo y energ\u00eda para una cocci\u00f3n uniforme de los alimentos. Luz en perillas: dise\u00f1o y funcionalidad que ilumina la perilla cuando el horno se encuentra encendido, Sensor de flama: m\u00e1xima seguridad, corta el flujo de gas en caso de que la llama se apague.<\/p>\n","protected":false},"featured_media":11832,"template":"","meta":{"_joinchat":[]},"product_brand":[],"product_cat":[176],"product_tag":[61],"class_list":{"0":"post-11830","1":"product","2":"type-product","3":"status-publish","4":"has-post-thumbnail","6":"product_cat-hornos-de-gas","7":"product_tag-io-mabe","9":"first","10":"instock","11":"shipping-taxable","12":"product-type-simple"},"_links":{"self":[{"href":"https:\/\/eltiosam.com.mx\/index.php\/wp-json\/wp\/v2\/product\/11830","targetHints":{"allow":["GET"]}}],"collection":[{"href":"https:\/\/eltiosam.com.mx\/index.php\/wp-json\/wp\/v2\/product"}],"about":[{"href":"https:\/\/eltiosam.com.mx\/index.php\/wp-json\/wp\/v2\/types\/product"}],"wp:featuredmedia":[{"embeddable":true,"href":"https:\/\/eltiosam.com.mx\/index.php\/wp-json\/wp\/v2\/media\/11832"}],"wp:attachment":[{"href":"https:\/\/eltiosam.com.mx\/index.php\/wp-json\/wp\/v2\/media?parent=11830"}],"wp:term":[{"taxonomy":"product_brand","embeddable":true,"href":"https:\/\/eltiosam.com.mx\/index.php\/wp-json\/wp\/v2\/product_brand?post=11830"},{"taxonomy":"product_cat","embeddable":true,"href":"https:\/\/eltiosam.com.mx\/index.php\/wp-json\/wp\/v2\/product_cat?post=11830"},{"taxonomy":"product_tag","embeddable":true,"href":"https:\/\/eltiosam.com.mx\/index.php\/wp-json\/wp\/v2\/product_tag?post=11830"}],"curies":[{"name":"wp","href":"https:\/\/api.w.org\/{rel}","templated":true}]}}