{"id":11727,"date":"2025-06-11T00:43:16","date_gmt":"2025-06-11T00:43:16","guid":{"rendered":"https:\/\/eltiosam.com.mx\/?post_type=product&#038;p=11727"},"modified":"2025-07-15T19:59:34","modified_gmt":"2025-07-15T19:59:34","slug":"refrigerador-french-door-19-pies-cubicos-cwe19sp3ns9","status":"publish","type":"product","link":"https:\/\/eltiosam.com.mx\/index.php\/product\/refrigerador-french-door-19-pies-cubicos-cwe19sp3ns9\/","title":{"rendered":"REFRIGERADOR FRENCH DOOR 19p3\tCAF\u00c9  CWE19SP3ND9"},"content":{"rendered":"<p>Refrigerador French Door Caf\u00e9 CWE19SP3NS9 19 p3; Inoxidable, cuenta con Multiflow Air, f\u00e1brica de hielos, dispensador de agua interno, filtro para agua, iluminaci\u00f3n LED, 4 parrillas de cristal templado, 8 anaqueles en puerta, 3 cajones, contenedor para hielos y turbo cool.<\/p>\n","protected":false},"excerpt":{"rendered":"<p>Refrigerador French Door Caf\u00e9 CWE19SP3NS9 19 p3; Inoxidable, cuenta con Multiflow Air, f\u00e1brica de hielos, dispensador de agua interno, filtro para agua, iluminaci\u00f3n LED, 4 parrillas de cristal templado, 8 anaqueles en puerta, 3 cajones, contenedor para hielos y turbo cool.<\/p>\n","protected":false},"featured_media":11730,"template":"","meta":{"_joinchat":[]},"product_brand":[],"product_cat":[193],"product_tag":[231],"class_list":{"0":"post-11727","1":"product","2":"type-product","3":"status-publish","4":"has-post-thumbnail","6":"product_cat-refrigerador-congelador-inferior","7":"product_tag-cafe","9":"first","10":"instock","11":"shipping-taxable","12":"product-type-simple"},"_links":{"self":[{"href":"https:\/\/eltiosam.com.mx\/index.php\/wp-json\/wp\/v2\/product\/11727","targetHints":{"allow":["GET"]}}],"collection":[{"href":"https:\/\/eltiosam.com.mx\/index.php\/wp-json\/wp\/v2\/product"}],"about":[{"href":"https:\/\/eltiosam.com.mx\/index.php\/wp-json\/wp\/v2\/types\/product"}],"wp:featuredmedia":[{"embeddable":true,"href":"https:\/\/eltiosam.com.mx\/index.php\/wp-json\/wp\/v2\/media\/11730"}],"wp:attachment":[{"href":"https:\/\/eltiosam.com.mx\/index.php\/wp-json\/wp\/v2\/media?parent=11727"}],"wp:term":[{"taxonomy":"product_brand","embeddable":true,"href":"https:\/\/eltiosam.com.mx\/index.php\/wp-json\/wp\/v2\/product_brand?post=11727"},{"taxonomy":"product_cat","embeddable":true,"href":"https:\/\/eltiosam.com.mx\/index.php\/wp-json\/wp\/v2\/product_cat?post=11727"},{"taxonomy":"product_tag","embeddable":true,"href":"https:\/\/eltiosam.com.mx\/index.php\/wp-json\/wp\/v2\/product_tag?post=11727"}],"curies":[{"name":"wp","href":"https:\/\/api.w.org\/{rel}","templated":true}]}}