{"id":11666,"date":"2025-06-10T20:06:53","date_gmt":"2025-06-10T20:06:53","guid":{"rendered":"https:\/\/eltiosam.com.mx\/?post_type=product&#038;p=11666"},"modified":"2025-06-11T18:48:09","modified_gmt":"2025-06-11T18:48:09","slug":"refrigerador-automatico-mabe-10-pies-cubicos-rma250fymrm","status":"publish","type":"product","link":"https:\/\/eltiosam.com.mx\/index.php\/product\/refrigerador-automatico-mabe-10-pies-cubicos-rma250fymrm\/","title":{"rendered":"REFRIGERADOR 10p3 MABE RMA250FYMRM"},"content":{"rendered":"<p>Capacidad y gran espacio para almacenar tus alimentos. Anaquel especial para almacenar botellas de hasta 3 L. M\u00e1s flujo de aire, mayor fr\u00edo y m\u00e1xima conservaci\u00f3n para tus alimentos y bebidas. Conserva tus alimentos frescos como el primer d\u00eda con Total Fresh Flow.<\/p>\n<ul class=\"features\">\n<li class=\"product-height\">Altura: 165.86 cm<\/li>\n<li class=\"product-width\">Ancho: 55.56 cm<\/li>\n<li class=\"product-depth\">Profundidad: 54.86 cm<\/li>\n<li class=\"product-weight\">Peso: 48.0 kg<\/li>\n<li>Capacidad (L): 250 l<\/li>\n<li>Capacidad: 120 a 299 L<\/li>\n<li>Caracter\u00edsticas: Hueveras<\/li>\n<li>Dispensador de agua: Hieleras, Hueveras<\/li>\n<li>Color: Silver Negro<\/li>\n<li>Despachador de agua: Si<br \/>\nDispensador: S\u00ed<\/li>\n<li>Display: No<\/li>\n<li>Energy Star: No<\/li>\n<li>Estilo: Congelador superior 2 puertas<\/li>\n<li>F\u00e1brica de Hielos: No<\/li>\n<li>Filtro para agua: No<\/li>\n<li>Iluminaci\u00f3n: S\u00ed<\/li>\n<li>Linea: Dise\u00f1o<\/li>\n<li>Tipo de parrillas: Alambr\u00f3n Cristal templado<\/li>\n<\/ul>\n","protected":false},"excerpt":{"rendered":"<p>Capacidad y gran espacio para almacenar tus alimentos. Anaquel especial para almacenar botellas de hasta 3 L. M\u00e1s flujo de aire, mayor fr\u00edo y m\u00e1xima conservaci\u00f3n para tus alimentos y bebidas. Conserva tus alimentos frescos como el primer d\u00eda con Total Fresh Flow.<\/p>\n","protected":false},"featured_media":11667,"template":"","meta":{"_joinchat":[]},"product_brand":[],"product_cat":[194],"product_tag":[21],"class_list":{"0":"post-11666","1":"product","2":"type-product","3":"status-publish","4":"has-post-thumbnail","6":"product_cat-refrigerador-congelador-superior","7":"product_tag-mabe","9":"first","10":"instock","11":"shipping-taxable","12":"product-type-simple"},"_links":{"self":[{"href":"https:\/\/eltiosam.com.mx\/index.php\/wp-json\/wp\/v2\/product\/11666","targetHints":{"allow":["GET"]}}],"collection":[{"href":"https:\/\/eltiosam.com.mx\/index.php\/wp-json\/wp\/v2\/product"}],"about":[{"href":"https:\/\/eltiosam.com.mx\/index.php\/wp-json\/wp\/v2\/types\/product"}],"wp:featuredmedia":[{"embeddable":true,"href":"https:\/\/eltiosam.com.mx\/index.php\/wp-json\/wp\/v2\/media\/11667"}],"wp:attachment":[{"href":"https:\/\/eltiosam.com.mx\/index.php\/wp-json\/wp\/v2\/media?parent=11666"}],"wp:term":[{"taxonomy":"product_brand","embeddable":true,"href":"https:\/\/eltiosam.com.mx\/index.php\/wp-json\/wp\/v2\/product_brand?post=11666"},{"taxonomy":"product_cat","embeddable":true,"href":"https:\/\/eltiosam.com.mx\/index.php\/wp-json\/wp\/v2\/product_cat?post=11666"},{"taxonomy":"product_tag","embeddable":true,"href":"https:\/\/eltiosam.com.mx\/index.php\/wp-json\/wp\/v2\/product_tag?post=11666"}],"curies":[{"name":"wp","href":"https:\/\/api.w.org\/{rel}","templated":true}]}}