{"id":11449,"date":"2024-12-18T22:58:58","date_gmt":"2024-12-18T22:58:58","guid":{"rendered":"https:\/\/eltiosam.com.mx\/?post_type=product&#038;p=11449"},"modified":"2024-12-18T23:02:27","modified_gmt":"2024-12-18T23:02:27","slug":"ref-19p3-french-door-inox-mideamdrf700fgm46","status":"publish","type":"product","link":"https:\/\/eltiosam.com.mx\/index.php\/product\/ref-19p3-french-door-inox-mideamdrf700fgm46\/","title":{"rendered":"REF. 19p3 FRENCH DOOR INOX. MIDEA\tMDRF700FGM46"},"content":{"rendered":"<div class=\"flex-1 overflow-hidden\">\n<div class=\"react-scroll-to-bottom--css-clrzf-79elbk h-full\">\n<div class=\"react-scroll-to-bottom--css-clrzf-1n7m0yu\">\n<div class=\"flex flex-col pb-9 text-sm\">\n<div class=\"w-full text-token-text-primary\" data-testid=\"conversation-turn-119\">\n<div class=\"px-4 py-2 justify-center text-base md:gap-6 m-auto\">\n<div class=\"flex flex-1 text-base mx-auto gap-3 md:px-5 lg:px-1 xl:px-5 md:max-w-3xl lg:max-w-[40rem] xl:max-w-[48rem] group final-completion\">\n<div class=\"relative flex w-full flex-col lg:w-[calc(100%-115px)] agent-turn\">\n<div class=\"flex-col gap-1 md:gap-3\">\n<div class=\"flex flex-grow flex-col max-w-full\">\n<div class=\"min-h-[20px] text-message flex flex-col items-start gap-3 whitespace-pre-wrap break-words [.text-message+&amp;]:mt-5 overflow-x-auto\" data-message-author-role=\"assistant\" data-message-id=\"96d88b18-5014-48e5-a9f2-fa525b83881f\">\n<div class=\"markdown prose w-full break-words dark:prose-invert light\">\n<p>Descripci\u00f3n:<\/p>\n<p>El refrigerador MIDEA MDRF700FGM46 de 19 pies c\u00fabicos redefine la sofisticaci\u00f3n en tu cocina con su dise\u00f1o <strong>French Door<\/strong>, combinando estilo, amplitud y funcionalidad. Ideal para familias o amantes de la organizaci\u00f3n, este modelo ofrece un amplio espacio para almacenar tus alimentos y bebidas con comodidad.<\/p>\n<p>Su elegante acabado met\u00e1lico le da un toque moderno y distinguido, mientras que sus compartimentos inteligentes, cajones amplios y estantes ajustables facilitan una distribuci\u00f3n \u00f3ptima. Adem\u00e1s, su tecnolog\u00eda avanzada asegura frescura y eficiencia energ\u00e9tica para un rendimiento excepcional.<\/p>\n<\/div>\n<\/div>\n<\/div>\n<div class=\"mt-1 flex justify-start gap-3 empty:hidden\">\n<div class=\"text-gray-400 flex self-end lg:self-center justify-center lg:justify-start mt-0 -ml-1 visible\">\n<div class=\"flex items-center gap-1.5 text-xs\"><\/div>\n<\/div>\n<\/div>\n<\/div>\n<\/div>\n<\/div>\n<\/div>\n<\/div>\n<\/div>\n<\/div>\n<\/div>\n<\/div>\n","protected":false},"excerpt":{"rendered":"<p>Descripci\u00f3n: El refrigerador MIDEA MDRF700FGM46 de 19 pies c\u00fabicos redefine la sofisticaci\u00f3n en tu cocina con su dise\u00f1o French Door, combinando estilo, amplitud y funcionalidad. Ideal para familias o amantes de la organizaci\u00f3n, este modelo ofrece un amplio espacio para almacenar tus alimentos y bebidas con comodidad. Su elegante acabado met\u00e1lico le da un toque [&hellip;]<\/p>\n","protected":false},"featured_media":11450,"template":"","meta":{"_joinchat":[]},"product_brand":[],"product_cat":[20,41],"product_tag":[212],"class_list":{"0":"post-11449","1":"product","2":"type-product","3":"status-publish","4":"has-post-thumbnail","6":"product_cat-refrigeracion","7":"product_cat-refrigeradores","8":"product_tag-midea","10":"first","11":"instock","12":"shipping-taxable","13":"product-type-simple"},"_links":{"self":[{"href":"https:\/\/eltiosam.com.mx\/index.php\/wp-json\/wp\/v2\/product\/11449","targetHints":{"allow":["GET"]}}],"collection":[{"href":"https:\/\/eltiosam.com.mx\/index.php\/wp-json\/wp\/v2\/product"}],"about":[{"href":"https:\/\/eltiosam.com.mx\/index.php\/wp-json\/wp\/v2\/types\/product"}],"wp:featuredmedia":[{"embeddable":true,"href":"https:\/\/eltiosam.com.mx\/index.php\/wp-json\/wp\/v2\/media\/11450"}],"wp:attachment":[{"href":"https:\/\/eltiosam.com.mx\/index.php\/wp-json\/wp\/v2\/media?parent=11449"}],"wp:term":[{"taxonomy":"product_brand","embeddable":true,"href":"https:\/\/eltiosam.com.mx\/index.php\/wp-json\/wp\/v2\/product_brand?post=11449"},{"taxonomy":"product_cat","embeddable":true,"href":"https:\/\/eltiosam.com.mx\/index.php\/wp-json\/wp\/v2\/product_cat?post=11449"},{"taxonomy":"product_tag","embeddable":true,"href":"https:\/\/eltiosam.com.mx\/index.php\/wp-json\/wp\/v2\/product_tag?post=11449"}],"curies":[{"name":"wp","href":"https:\/\/api.w.org\/{rel}","templated":true}]}}