{"id":11376,"date":"2024-12-17T02:15:06","date_gmt":"2024-12-17T02:15:06","guid":{"rendered":"https:\/\/eltiosam.com.mx\/?post_type=product&#038;p=11376"},"modified":"2024-12-17T02:17:24","modified_gmt":"2024-12-17T02:17:24","slug":"base-gris-maytagxhpc155yc","status":"publish","type":"product","link":"https:\/\/eltiosam.com.mx\/index.php\/product\/base-gris-maytagxhpc155yc\/","title":{"rendered":"BASE GRIS MAYTAG\tXHPC155YC"},"content":{"rendered":"<p>Es el complemento perfecto para elevar y optimizar el uso de tu lavadora o secadora. Dise\u00f1ado para mayor comodidad, este pedestal permite cargar y descargar la ropa sin esfuerzo al colocar los electrodom\u00e9sticos a una altura ergon\u00f3mica.<\/p>\n","protected":false},"excerpt":{"rendered":"<p>Es el complemento perfecto para elevar y optimizar el uso de tu lavadora o secadora. Dise\u00f1ado para mayor comodidad, este pedestal permite cargar y descargar la ropa sin esfuerzo al colocar los electrodom\u00e9sticos a una altura ergon\u00f3mica.<\/p>\n","protected":false},"featured_media":11377,"template":"","meta":{"_joinchat":[]},"product_brand":[],"product_cat":[225,42],"product_tag":[205],"class_list":{"0":"post-11376","1":"product","2":"type-product","3":"status-publish","4":"has-post-thumbnail","6":"product_cat-bases","7":"product_cat-varios","8":"product_tag-maytag","10":"first","11":"instock","12":"shipping-taxable","13":"product-type-simple"},"_links":{"self":[{"href":"https:\/\/eltiosam.com.mx\/index.php\/wp-json\/wp\/v2\/product\/11376","targetHints":{"allow":["GET"]}}],"collection":[{"href":"https:\/\/eltiosam.com.mx\/index.php\/wp-json\/wp\/v2\/product"}],"about":[{"href":"https:\/\/eltiosam.com.mx\/index.php\/wp-json\/wp\/v2\/types\/product"}],"wp:featuredmedia":[{"embeddable":true,"href":"https:\/\/eltiosam.com.mx\/index.php\/wp-json\/wp\/v2\/media\/11377"}],"wp:attachment":[{"href":"https:\/\/eltiosam.com.mx\/index.php\/wp-json\/wp\/v2\/media?parent=11376"}],"wp:term":[{"taxonomy":"product_brand","embeddable":true,"href":"https:\/\/eltiosam.com.mx\/index.php\/wp-json\/wp\/v2\/product_brand?post=11376"},{"taxonomy":"product_cat","embeddable":true,"href":"https:\/\/eltiosam.com.mx\/index.php\/wp-json\/wp\/v2\/product_cat?post=11376"},{"taxonomy":"product_tag","embeddable":true,"href":"https:\/\/eltiosam.com.mx\/index.php\/wp-json\/wp\/v2\/product_tag?post=11376"}],"curies":[{"name":"wp","href":"https:\/\/api.w.org\/{rel}","templated":true}]}}