{"id":11260,"date":"2024-12-06T01:49:22","date_gmt":"2024-12-06T01:49:22","guid":{"rendered":"https:\/\/eltiosam.com.mx\/?post_type=product&#038;p=11260"},"modified":"2024-12-06T01:53:48","modified_gmt":"2024-12-06T01:53:48","slug":"estufa-mabe-30-mabeemc80130s0","status":"publish","type":"product","link":"https:\/\/eltiosam.com.mx\/index.php\/product\/estufa-mabe-30-mabeemc80130s0\/","title":{"rendered":"ESTUFA MABE 30&#8243; MABE\tEMC80130S0"},"content":{"rendered":"<p><strong>Descripci\u00f3n del producto:<\/strong><\/p>\n<p>La estufa de gas MABE EMC80130S0 de 30&#8243; es la opci\u00f3n ideal para quienes buscan rendimiento, estilo y durabilidad en su cocina. Con un dise\u00f1o elegante en color acero inoxidable, esta estufa ofrece un amplio espacio con 4 quemadores de alto rendimiento, perfectos para preparar m\u00faltiples platillos al mismo tiempo. Su horno espacioso garantiza una cocci\u00f3n uniforme y eficiente, mientras que el control preciso de temperatura asegura que tus recetas salgan siempre perfectas.<\/p>\n","protected":false},"excerpt":{"rendered":"<p>Descripci\u00f3n del producto: La estufa de gas MABE EMC80130S0 de 30&#8243; es la opci\u00f3n ideal para quienes buscan rendimiento, estilo y durabilidad en su cocina. Con un dise\u00f1o elegante en color acero inoxidable, esta estufa ofrece un amplio espacio con 4 quemadores de alto rendimiento, perfectos para preparar m\u00faltiples platillos al mismo tiempo. Su horno [&hellip;]<\/p>\n","protected":false},"featured_media":11261,"template":"","meta":{"_joinchat":[]},"product_brand":[],"product_cat":[29,62],"product_tag":[21],"class_list":{"0":"post-11260","1":"product","2":"type-product","3":"status-publish","4":"has-post-thumbnail","6":"product_cat-coccion","7":"product_cat-estufas","8":"product_tag-mabe","10":"first","11":"instock","12":"shipping-taxable","13":"product-type-simple"},"_links":{"self":[{"href":"https:\/\/eltiosam.com.mx\/index.php\/wp-json\/wp\/v2\/product\/11260","targetHints":{"allow":["GET"]}}],"collection":[{"href":"https:\/\/eltiosam.com.mx\/index.php\/wp-json\/wp\/v2\/product"}],"about":[{"href":"https:\/\/eltiosam.com.mx\/index.php\/wp-json\/wp\/v2\/types\/product"}],"wp:featuredmedia":[{"embeddable":true,"href":"https:\/\/eltiosam.com.mx\/index.php\/wp-json\/wp\/v2\/media\/11261"}],"wp:attachment":[{"href":"https:\/\/eltiosam.com.mx\/index.php\/wp-json\/wp\/v2\/media?parent=11260"}],"wp:term":[{"taxonomy":"product_brand","embeddable":true,"href":"https:\/\/eltiosam.com.mx\/index.php\/wp-json\/wp\/v2\/product_brand?post=11260"},{"taxonomy":"product_cat","embeddable":true,"href":"https:\/\/eltiosam.com.mx\/index.php\/wp-json\/wp\/v2\/product_cat?post=11260"},{"taxonomy":"product_tag","embeddable":true,"href":"https:\/\/eltiosam.com.mx\/index.php\/wp-json\/wp\/v2\/product_tag?post=11260"}],"curies":[{"name":"wp","href":"https:\/\/api.w.org\/{rel}","templated":true}]}}