{"id":11169,"date":"2024-12-04T23:17:03","date_gmt":"2024-12-04T23:17:03","guid":{"rendered":"https:\/\/eltiosam.com.mx\/?post_type=product&#038;p=11169"},"modified":"2024-12-04T23:19:13","modified_gmt":"2024-12-04T23:19:13","slug":"fabricas-de-hielo-kitchen-aidlkuix335pps","status":"publish","type":"product","link":"https:\/\/eltiosam.com.mx\/index.php\/product\/fabricas-de-hielo-kitchen-aidlkuix335pps\/","title":{"rendered":"FABRICAS DE HIELO KITCHEN AID\tLKUIX335PPS"},"content":{"rendered":"<p><strong>Descripci\u00f3n:<\/strong> La <strong>f\u00e1brica de hielo KitchenAid LKUIX335PPS<\/strong> de 15 pulgadas es la soluci\u00f3n perfecta para mantenerte siempre preparado. Con capacidad para producir hasta 11 kg de hielo cristalino al d\u00eda, combina eficiencia y estilo en un dise\u00f1o compacto de acero inoxidable con acabado resistente a huellas. Ideal para reuniones, fiestas o uso diario, asegura hielo fresco y de calidad con tecnolog\u00eda avanzada de filtraci\u00f3n y controles intuitivos.<\/p>\n","protected":false},"excerpt":{"rendered":"<p>Descripci\u00f3n: La f\u00e1brica de hielo KitchenAid LKUIX335PPS de 15 pulgadas es la soluci\u00f3n perfecta para mantenerte siempre preparado. Con capacidad para producir hasta 11 kg de hielo cristalino al d\u00eda, combina eficiencia y estilo en un dise\u00f1o compacto de acero inoxidable con acabado resistente a huellas. Ideal para reuniones, fiestas o uso diario, asegura hielo [&hellip;]<\/p>\n","protected":false},"featured_media":11170,"template":"","meta":{"_joinchat":[]},"product_brand":[],"product_cat":[169],"product_tag":[39],"class_list":{"0":"post-11169","1":"product","2":"type-product","3":"status-publish","4":"has-post-thumbnail","6":"product_cat-despachadores-de-agua","7":"product_tag-kitchen-aid","9":"first","10":"instock","11":"shipping-taxable","12":"product-type-simple"},"_links":{"self":[{"href":"https:\/\/eltiosam.com.mx\/index.php\/wp-json\/wp\/v2\/product\/11169","targetHints":{"allow":["GET"]}}],"collection":[{"href":"https:\/\/eltiosam.com.mx\/index.php\/wp-json\/wp\/v2\/product"}],"about":[{"href":"https:\/\/eltiosam.com.mx\/index.php\/wp-json\/wp\/v2\/types\/product"}],"wp:featuredmedia":[{"embeddable":true,"href":"https:\/\/eltiosam.com.mx\/index.php\/wp-json\/wp\/v2\/media\/11170"}],"wp:attachment":[{"href":"https:\/\/eltiosam.com.mx\/index.php\/wp-json\/wp\/v2\/media?parent=11169"}],"wp:term":[{"taxonomy":"product_brand","embeddable":true,"href":"https:\/\/eltiosam.com.mx\/index.php\/wp-json\/wp\/v2\/product_brand?post=11169"},{"taxonomy":"product_cat","embeddable":true,"href":"https:\/\/eltiosam.com.mx\/index.php\/wp-json\/wp\/v2\/product_cat?post=11169"},{"taxonomy":"product_tag","embeddable":true,"href":"https:\/\/eltiosam.com.mx\/index.php\/wp-json\/wp\/v2\/product_tag?post=11169"}],"curies":[{"name":"wp","href":"https:\/\/api.w.org\/{rel}","templated":true}]}}