{"id":11084,"date":"2024-11-27T23:03:34","date_gmt":"2024-11-27T23:03:34","guid":{"rendered":"https:\/\/eltiosam.com.mx\/?post_type=product&#038;p=11084"},"modified":"2025-07-08T18:12:09","modified_gmt":"2025-07-08T18:12:09","slug":"parrilla-4-quem-60cm-iomabepio64krti0","status":"publish","type":"product","link":"https:\/\/eltiosam.com.mx\/index.php\/product\/parrilla-4-quem-60cm-iomabepio64krti0\/","title":{"rendered":"PARRILLA 4 QUEM.60CM. IOMABE\tPIO64KRTI0"},"content":{"rendered":"<p><strong>Descripci\u00f3n:<\/strong><\/p>\n<p>La parrilla IOMABE PIO64KRTI0 es un electrodom\u00e9stico moderno y eficiente dise\u00f1ado para cocinas que necesitan funcionalidad en un espacio compacto de 60 cm. Este modelo cuenta con cuatro quemadores de alto rendimiento que permiten una cocci\u00f3n uniforme y r\u00e1pida.<\/p>\n","protected":false},"excerpt":{"rendered":"<p>Descripci\u00f3n: La parrilla IOMABE PIO64KRTI0 es un electrodom\u00e9stico moderno y eficiente dise\u00f1ado para cocinas que necesitan funcionalidad en un espacio compacto de 60 cm. Este modelo cuenta con cuatro quemadores de alto rendimiento que permiten una cocci\u00f3n uniforme y r\u00e1pida.<\/p>\n","protected":false},"featured_media":11085,"template":"","meta":{"_joinchat":[]},"product_brand":[],"product_cat":[29,46],"product_tag":[61],"class_list":{"0":"post-11084","1":"product","2":"type-product","3":"status-publish","4":"has-post-thumbnail","6":"product_cat-coccion","7":"product_cat-parrilla","8":"product_tag-io-mabe","10":"first","11":"instock","12":"shipping-taxable","13":"product-type-simple"},"_links":{"self":[{"href":"https:\/\/eltiosam.com.mx\/index.php\/wp-json\/wp\/v2\/product\/11084","targetHints":{"allow":["GET"]}}],"collection":[{"href":"https:\/\/eltiosam.com.mx\/index.php\/wp-json\/wp\/v2\/product"}],"about":[{"href":"https:\/\/eltiosam.com.mx\/index.php\/wp-json\/wp\/v2\/types\/product"}],"wp:featuredmedia":[{"embeddable":true,"href":"https:\/\/eltiosam.com.mx\/index.php\/wp-json\/wp\/v2\/media\/11085"}],"wp:attachment":[{"href":"https:\/\/eltiosam.com.mx\/index.php\/wp-json\/wp\/v2\/media?parent=11084"}],"wp:term":[{"taxonomy":"product_brand","embeddable":true,"href":"https:\/\/eltiosam.com.mx\/index.php\/wp-json\/wp\/v2\/product_brand?post=11084"},{"taxonomy":"product_cat","embeddable":true,"href":"https:\/\/eltiosam.com.mx\/index.php\/wp-json\/wp\/v2\/product_cat?post=11084"},{"taxonomy":"product_tag","embeddable":true,"href":"https:\/\/eltiosam.com.mx\/index.php\/wp-json\/wp\/v2\/product_tag?post=11084"}],"curies":[{"name":"wp","href":"https:\/\/api.w.org\/{rel}","templated":true}]}}