{"id":10992,"date":"2024-11-06T23:28:55","date_gmt":"2024-11-06T23:28:55","guid":{"rendered":"https:\/\/eltiosam.com.mx\/?post_type=product&#038;p=10992"},"modified":"2025-07-22T18:10:50","modified_gmt":"2025-07-22T18:10:50","slug":"tarja-2-pilas-kele-quolorzkqd3322-bl","status":"publish","type":"product","link":"https:\/\/eltiosam.com.mx\/index.php\/product\/tarja-2-pilas-kele-quolorzkqd3322-bl\/","title":{"rendered":"TARJA 2 PILAS KELE QUOLORZ KQD3322A-BL"},"content":{"rendered":"<p>Descripci\u00f3n:<\/p>\n<p>La <strong>tarja KELE QUOLORZ modelo KQD3322-BL<\/strong> cuenta con <strong>dos pilas espaciosas<\/strong>, ideales para realizar m\u00faltiples tareas en la cocina de manera simult\u00e1nea, como lavar y enjuagar, optimizando as\u00ed el flujo de trabajo. Su acabado en <strong>negro mate<\/strong> aporta un toque moderno y sofisticado, y su dise\u00f1o robusto garantiza durabilidad y resistencia a rayones y manchas, haciendo que luzca impecable d\u00eda tras d\u00eda.<\/p>\n","protected":false},"excerpt":{"rendered":"<p>Descripci\u00f3n: La tarja KELE QUOLORZ modelo KQD3322-BL cuenta con dos pilas espaciosas, ideales para realizar m\u00faltiples tareas en la cocina de manera simult\u00e1nea, como lavar y enjuagar, optimizando as\u00ed el flujo de trabajo. Su acabado en negro mate aporta un toque moderno y sofisticado, y su dise\u00f1o robusto garantiza durabilidad y resistencia a rayones y [&hellip;]<\/p>\n","protected":false},"featured_media":10993,"template":"","meta":{"_joinchat":[]},"product_brand":[],"product_cat":[47],"product_tag":[70],"class_list":{"0":"post-10992","1":"product","2":"type-product","3":"status-publish","4":"has-post-thumbnail","6":"product_cat-tarjas","7":"product_tag-kele","9":"first","10":"instock","11":"shipping-taxable","12":"product-type-simple"},"_links":{"self":[{"href":"https:\/\/eltiosam.com.mx\/index.php\/wp-json\/wp\/v2\/product\/10992","targetHints":{"allow":["GET"]}}],"collection":[{"href":"https:\/\/eltiosam.com.mx\/index.php\/wp-json\/wp\/v2\/product"}],"about":[{"href":"https:\/\/eltiosam.com.mx\/index.php\/wp-json\/wp\/v2\/types\/product"}],"wp:featuredmedia":[{"embeddable":true,"href":"https:\/\/eltiosam.com.mx\/index.php\/wp-json\/wp\/v2\/media\/10993"}],"wp:attachment":[{"href":"https:\/\/eltiosam.com.mx\/index.php\/wp-json\/wp\/v2\/media?parent=10992"}],"wp:term":[{"taxonomy":"product_brand","embeddable":true,"href":"https:\/\/eltiosam.com.mx\/index.php\/wp-json\/wp\/v2\/product_brand?post=10992"},{"taxonomy":"product_cat","embeddable":true,"href":"https:\/\/eltiosam.com.mx\/index.php\/wp-json\/wp\/v2\/product_cat?post=10992"},{"taxonomy":"product_tag","embeddable":true,"href":"https:\/\/eltiosam.com.mx\/index.php\/wp-json\/wp\/v2\/product_tag?post=10992"}],"curies":[{"name":"wp","href":"https:\/\/api.w.org\/{rel}","templated":true}]}}