{"id":10918,"date":"2024-10-23T23:22:54","date_gmt":"2024-10-23T23:22:54","guid":{"rendered":"https:\/\/eltiosam.com.mx\/?post_type=product&#038;p=10918"},"modified":"2024-10-23T23:24:52","modified_gmt":"2024-10-23T23:24:52","slug":"contenedor-de-desperdicios-keless-kaw7016","status":"publish","type":"product","link":"https:\/\/eltiosam.com.mx\/index.php\/product\/contenedor-de-desperdicios-keless-kaw7016\/","title":{"rendered":"CONTENEDOR DE DESPERDICIOS KELE\tSS-KAW7016"},"content":{"rendered":"<div class=\"flex-1 overflow-hidden\">\n<div class=\"react-scroll-to-bottom--css-wvvtt-79elbk h-full\">\n<div class=\"react-scroll-to-bottom--css-wvvtt-1n7m0yu\">\n<div class=\"flex flex-col pb-9 text-sm\">\n<div class=\"w-full text-token-text-primary\" data-testid=\"conversation-turn-45\">\n<div class=\"px-4 py-2 justify-center text-base md:gap-6 m-auto\">\n<div class=\"flex flex-1 text-base mx-auto gap-3 md:px-5 lg:px-1 xl:px-5 md:max-w-3xl lg:max-w-[40rem] xl:max-w-[48rem] group final-completion\">\n<div class=\"relative flex w-full flex-col lg:w-[calc(100%-115px)] agent-turn\">\n<div class=\"flex-col gap-1 md:gap-3\">\n<div class=\"flex flex-grow flex-col max-w-full\">\n<div class=\"min-h-[20px] text-message flex flex-col items-start gap-3 whitespace-pre-wrap break-words [.text-message+&amp;]:mt-5 overflow-x-auto\" data-message-author-role=\"assistant\" data-message-id=\"84410691-ea91-4939-b5e9-3bb08ea0c427\">\n<div class=\"markdown prose w-full break-words dark:prose-invert light\">\n<div class=\"flex-shrink-0 flex flex-col relative items-end\">\n<div>\n<div class=\"pt-0\">\n<div class=\"gizmo-bot-avatar flex h-8 w-8 items-center justify-center overflow-hidden rounded-full\">\n<div class=\"relative p-1 rounded-sm flex items-center justify-center bg-token-main-surface-primary text-token-text-primary h-8 w-8\">El <strong>Contenedor de Desperdicios KELE SS-KAW7016<\/strong> es la opci\u00f3n ideal para mantener tu cocina organizada y libre de desechos. Su dise\u00f1o moderno y funcional facilita la separaci\u00f3n de residuos, promoviendo pr\u00e1cticas de reciclaje en tu hogar. Fabricado con materiales de alta calidad, este contenedor es duradero y resistente, asegurando un uso prolongado. Adem\u00e1s, cuenta con una tapa que ayuda a minimizar olores, manteniendo un ambiente fresco. Con su estilo vers\u00e1til, el KELE SS-KAW7016 se adapta a cualquier decoraci\u00f3n.<\/div>\n<\/div>\n<\/div>\n<\/div>\n<\/div>\n<\/div>\n<\/div>\n<\/div>\n<\/div>\n<\/div>\n<\/div>\n<\/div>\n<\/div>\n<\/div>\n<\/div>\n<\/div>\n<\/div>\n","protected":false},"excerpt":{"rendered":"<p>El Contenedor de Desperdicios KELE SS-KAW7016 es la opci\u00f3n ideal para mantener tu cocina organizada y libre de desechos. Su dise\u00f1o moderno y funcional facilita la separaci\u00f3n de residuos, promoviendo pr\u00e1cticas de reciclaje en tu hogar. Fabricado con materiales de alta calidad, este contenedor es duradero y resistente, asegurando un uso prolongado. Adem\u00e1s, cuenta con [&hellip;]<\/p>\n","protected":false},"featured_media":10919,"template":"","meta":{"_joinchat":[]},"product_brand":[],"product_cat":[161,47,201,42],"product_tag":[70],"class_list":{"0":"post-10918","1":"product","2":"type-product","3":"status-publish","4":"has-post-thumbnail","6":"product_cat-best-selling-products","7":"product_cat-tarjas","8":"product_cat-tarjas-de-submontar","9":"product_cat-varios","10":"product_tag-kele","12":"first","13":"outofstock","14":"shipping-taxable","15":"purchasable","16":"product-type-simple"},"_links":{"self":[{"href":"https:\/\/eltiosam.com.mx\/index.php\/wp-json\/wp\/v2\/product\/10918","targetHints":{"allow":["GET"]}}],"collection":[{"href":"https:\/\/eltiosam.com.mx\/index.php\/wp-json\/wp\/v2\/product"}],"about":[{"href":"https:\/\/eltiosam.com.mx\/index.php\/wp-json\/wp\/v2\/types\/product"}],"wp:featuredmedia":[{"embeddable":true,"href":"https:\/\/eltiosam.com.mx\/index.php\/wp-json\/wp\/v2\/media\/10919"}],"wp:attachment":[{"href":"https:\/\/eltiosam.com.mx\/index.php\/wp-json\/wp\/v2\/media?parent=10918"}],"wp:term":[{"taxonomy":"product_brand","embeddable":true,"href":"https:\/\/eltiosam.com.mx\/index.php\/wp-json\/wp\/v2\/product_brand?post=10918"},{"taxonomy":"product_cat","embeddable":true,"href":"https:\/\/eltiosam.com.mx\/index.php\/wp-json\/wp\/v2\/product_cat?post=10918"},{"taxonomy":"product_tag","embeddable":true,"href":"https:\/\/eltiosam.com.mx\/index.php\/wp-json\/wp\/v2\/product_tag?post=10918"}],"curies":[{"name":"wp","href":"https:\/\/api.w.org\/{rel}","templated":true}]}}