{"id":10900,"date":"2024-10-23T23:02:56","date_gmt":"2024-10-23T23:02:56","guid":{"rendered":"https:\/\/eltiosam.com.mx\/?post_type=product&#038;p=10900"},"modified":"2024-10-23T23:06:28","modified_gmt":"2024-10-23T23:06:28","slug":"alacena-deslizable-kelekap1106","status":"publish","type":"product","link":"https:\/\/eltiosam.com.mx\/index.php\/product\/alacena-deslizable-kelekap1106\/","title":{"rendered":"ALACENA DESLIZABLE KELE\tKAP1106"},"content":{"rendered":"<div class=\"flex-1 overflow-hidden\">\n<div class=\"react-scroll-to-bottom--css-wvvtt-79elbk h-full\">\n<div class=\"react-scroll-to-bottom--css-wvvtt-1n7m0yu\">\n<div class=\"flex flex-col pb-9 text-sm\">\n<div class=\"w-full text-token-text-primary\" data-testid=\"conversation-turn-45\">\n<div class=\"px-4 py-2 justify-center text-base md:gap-6 m-auto\">\n<div class=\"flex flex-1 text-base mx-auto gap-3 md:px-5 lg:px-1 xl:px-5 md:max-w-3xl lg:max-w-[40rem] xl:max-w-[48rem] group final-completion\">\n<div class=\"relative flex w-full flex-col lg:w-[calc(100%-115px)] agent-turn\">\n<div class=\"flex-col gap-1 md:gap-3\">\n<div class=\"flex flex-grow flex-col max-w-full\">\n<div class=\"min-h-[20px] text-message flex flex-col items-start gap-3 whitespace-pre-wrap break-words [.text-message+&amp;]:mt-5 overflow-x-auto\" data-message-author-role=\"assistant\" data-message-id=\"84410691-ea91-4939-b5e9-3bb08ea0c427\">\n<div class=\"markdown prose w-full break-words dark:prose-invert light\">\n<p>Descubre la <strong>Alacena Deslizable KELE KAP1106<\/strong>, la soluci\u00f3n ideal para maximizar el espacio en tu cocina. Su dise\u00f1o elegante y funcional te permite acceder f\u00e1cilmente a tus utensilios y alimentos, mientras que sus materiales de alta calidad garantizan durabilidad. Perfecta para mantener todo organizado y al alcance, esta alacena es una inversi\u00f3n inteligente que a\u00f1ade estilo y eficiencia a tu hogar.<\/p>\n<\/div>\n<\/div>\n<\/div>\n<\/div>\n<\/div>\n<\/div>\n<\/div>\n<\/div>\n<\/div>\n<\/div>\n<\/div>\n<\/div>\n","protected":false},"excerpt":{"rendered":"<p>Descubre la Alacena Deslizable KELE KAP1106, la soluci\u00f3n ideal para maximizar el espacio en tu cocina. Su dise\u00f1o elegante y funcional te permite acceder f\u00e1cilmente a tus utensilios y alimentos, mientras que sus materiales de alta calidad garantizan durabilidad. Perfecta para mantener todo organizado y al alcance, esta alacena es una inversi\u00f3n inteligente que a\u00f1ade [&hellip;]<\/p>\n","protected":false},"featured_media":10901,"template":"","meta":{"_joinchat":[]},"product_brand":[],"product_cat":[161,47,201,42],"product_tag":[70],"class_list":{"0":"post-10900","1":"product","2":"type-product","3":"status-publish","4":"has-post-thumbnail","6":"product_cat-best-selling-products","7":"product_cat-tarjas","8":"product_cat-tarjas-de-submontar","9":"product_cat-varios","10":"product_tag-kele","12":"first","13":"outofstock","14":"shipping-taxable","15":"purchasable","16":"product-type-simple"},"_links":{"self":[{"href":"https:\/\/eltiosam.com.mx\/index.php\/wp-json\/wp\/v2\/product\/10900","targetHints":{"allow":["GET"]}}],"collection":[{"href":"https:\/\/eltiosam.com.mx\/index.php\/wp-json\/wp\/v2\/product"}],"about":[{"href":"https:\/\/eltiosam.com.mx\/index.php\/wp-json\/wp\/v2\/types\/product"}],"wp:featuredmedia":[{"embeddable":true,"href":"https:\/\/eltiosam.com.mx\/index.php\/wp-json\/wp\/v2\/media\/10901"}],"wp:attachment":[{"href":"https:\/\/eltiosam.com.mx\/index.php\/wp-json\/wp\/v2\/media?parent=10900"}],"wp:term":[{"taxonomy":"product_brand","embeddable":true,"href":"https:\/\/eltiosam.com.mx\/index.php\/wp-json\/wp\/v2\/product_brand?post=10900"},{"taxonomy":"product_cat","embeddable":true,"href":"https:\/\/eltiosam.com.mx\/index.php\/wp-json\/wp\/v2\/product_cat?post=10900"},{"taxonomy":"product_tag","embeddable":true,"href":"https:\/\/eltiosam.com.mx\/index.php\/wp-json\/wp\/v2\/product_tag?post=10900"}],"curies":[{"name":"wp","href":"https:\/\/api.w.org\/{rel}","templated":true}]}}