{"id":10849,"date":"2024-10-18T03:02:23","date_gmt":"2024-10-18T03:02:23","guid":{"rendered":"https:\/\/eltiosam.com.mx\/?post_type=product&#038;p=10849"},"modified":"2024-10-18T03:04:04","modified_gmt":"2024-10-18T03:04:04","slug":"cesta-doble-extraible-kelekab4011","status":"publish","type":"product","link":"https:\/\/eltiosam.com.mx\/index.php\/product\/cesta-doble-extraible-kelekab4011\/","title":{"rendered":"CESTA DOBLE EXTRAIBLE KELE\tKAB4011"},"content":{"rendered":"<p>La Cesta Doble Extra\u00edble KELE KAB4011 es una soluci\u00f3n pr\u00e1ctica y funcional para el almacenamiento en cocinas y otros espacios. Dise\u00f1ada para ser extra\u00edble, permite acceder f\u00e1cilmente a los objetos almacenados en su interior, facilitando la organizaci\u00f3n.<\/p>\n","protected":false},"excerpt":{"rendered":"<p>La Cesta Doble Extra\u00edble KELE KAB4011 es una soluci\u00f3n pr\u00e1ctica y funcional para el almacenamiento en cocinas y otros espacios. Dise\u00f1ada para ser extra\u00edble, permite acceder f\u00e1cilmente a los objetos almacenados en su interior, facilitando la organizaci\u00f3n.<\/p>\n","protected":false},"featured_media":10850,"template":"","meta":{"_joinchat":[]},"product_brand":[],"product_cat":[164],"product_tag":[70],"class_list":{"0":"post-10849","1":"product","2":"type-product","3":"status-publish","4":"has-post-thumbnail","6":"product_cat-cavas","7":"product_tag-kele","9":"first","10":"instock","11":"shipping-taxable","12":"product-type-simple"},"_links":{"self":[{"href":"https:\/\/eltiosam.com.mx\/index.php\/wp-json\/wp\/v2\/product\/10849","targetHints":{"allow":["GET"]}}],"collection":[{"href":"https:\/\/eltiosam.com.mx\/index.php\/wp-json\/wp\/v2\/product"}],"about":[{"href":"https:\/\/eltiosam.com.mx\/index.php\/wp-json\/wp\/v2\/types\/product"}],"wp:featuredmedia":[{"embeddable":true,"href":"https:\/\/eltiosam.com.mx\/index.php\/wp-json\/wp\/v2\/media\/10850"}],"wp:attachment":[{"href":"https:\/\/eltiosam.com.mx\/index.php\/wp-json\/wp\/v2\/media?parent=10849"}],"wp:term":[{"taxonomy":"product_brand","embeddable":true,"href":"https:\/\/eltiosam.com.mx\/index.php\/wp-json\/wp\/v2\/product_brand?post=10849"},{"taxonomy":"product_cat","embeddable":true,"href":"https:\/\/eltiosam.com.mx\/index.php\/wp-json\/wp\/v2\/product_cat?post=10849"},{"taxonomy":"product_tag","embeddable":true,"href":"https:\/\/eltiosam.com.mx\/index.php\/wp-json\/wp\/v2\/product_tag?post=10849"}],"curies":[{"name":"wp","href":"https:\/\/api.w.org\/{rel}","templated":true}]}}