{"id":10843,"date":"2024-10-18T02:56:23","date_gmt":"2024-10-18T02:56:23","guid":{"rendered":"https:\/\/eltiosam.com.mx\/?post_type=product&#038;p=10843"},"modified":"2024-10-18T02:59:00","modified_gmt":"2024-10-18T02:59:00","slug":"cesta-doble-kelekab4000","status":"publish","type":"product","link":"https:\/\/eltiosam.com.mx\/index.php\/product\/cesta-doble-kelekab4000\/","title":{"rendered":"CESTA DOBLE KELE\tKAB4000"},"content":{"rendered":"<p>La Cesta Doble KELE KAB4000, est\u00e1 fabricada con materiales resistentes, su dise\u00f1o es duradero y f\u00e1cil de limpiar. Adem\u00e1s, su estilo moderno se integra bien en cualquier decoraci\u00f3n. Ideal para aprovechar al m\u00e1ximo el espacio en armarios o estanter\u00edas<\/p>\n","protected":false},"excerpt":{"rendered":"<p>La Cesta Doble KELE KAB4000, est\u00e1 fabricada con materiales resistentes, su dise\u00f1o es duradero y f\u00e1cil de limpiar. Adem\u00e1s, su estilo moderno se integra bien en cualquier decoraci\u00f3n. Ideal para aprovechar al m\u00e1ximo el espacio en armarios o estanter\u00edas<\/p>\n","protected":false},"featured_media":10844,"template":"","meta":{"_joinchat":[]},"product_brand":[],"product_cat":[164],"product_tag":[70],"class_list":{"0":"post-10843","1":"product","2":"type-product","3":"status-publish","4":"has-post-thumbnail","6":"product_cat-cavas","7":"product_tag-kele","9":"first","10":"instock","11":"shipping-taxable","12":"product-type-simple"},"_links":{"self":[{"href":"https:\/\/eltiosam.com.mx\/index.php\/wp-json\/wp\/v2\/product\/10843","targetHints":{"allow":["GET"]}}],"collection":[{"href":"https:\/\/eltiosam.com.mx\/index.php\/wp-json\/wp\/v2\/product"}],"about":[{"href":"https:\/\/eltiosam.com.mx\/index.php\/wp-json\/wp\/v2\/types\/product"}],"wp:featuredmedia":[{"embeddable":true,"href":"https:\/\/eltiosam.com.mx\/index.php\/wp-json\/wp\/v2\/media\/10844"}],"wp:attachment":[{"href":"https:\/\/eltiosam.com.mx\/index.php\/wp-json\/wp\/v2\/media?parent=10843"}],"wp:term":[{"taxonomy":"product_brand","embeddable":true,"href":"https:\/\/eltiosam.com.mx\/index.php\/wp-json\/wp\/v2\/product_brand?post=10843"},{"taxonomy":"product_cat","embeddable":true,"href":"https:\/\/eltiosam.com.mx\/index.php\/wp-json\/wp\/v2\/product_cat?post=10843"},{"taxonomy":"product_tag","embeddable":true,"href":"https:\/\/eltiosam.com.mx\/index.php\/wp-json\/wp\/v2\/product_tag?post=10843"}],"curies":[{"name":"wp","href":"https:\/\/api.w.org\/{rel}","templated":true}]}}