{"id":10729,"date":"2024-10-05T03:46:10","date_gmt":"2024-10-05T03:46:10","guid":{"rendered":"https:\/\/eltiosam.com.mx\/?post_type=product&#038;p=10729"},"modified":"2024-10-05T03:52:41","modified_gmt":"2024-10-05T03:52:41","slug":"micro-g-e-9p3-ge-mge09sej","status":"publish","type":"product","link":"https:\/\/eltiosam.com.mx\/index.php\/product\/micro-g-e-9p3-ge-mge09sej\/","title":{"rendered":"MICRO G.E. .9p3 GE MGE09SEJ"},"content":{"rendered":"<p><strong>Descripci\u00f3n<\/strong>:<br \/>\nEl <strong>GE MGE09SEJ Microondas de 0.9 pies c\u00fabicos<\/strong> es una opci\u00f3n compacta, potente y eficiente para hogares o espacios peque\u00f1os. Con sus 900 watts de potencia, opciones preprogramadas y dise\u00f1o f\u00e1cil de limpiar, es perfecto para tareas diarias como recalentar, cocinar y descongelar.<\/p>\n","protected":false},"excerpt":{"rendered":"<p>Descripci\u00f3n: El GE MGE09SEJ Microondas de 0.9 pies c\u00fabicos es una opci\u00f3n compacta, potente y eficiente para hogares o espacios peque\u00f1os. Con sus 900 watts de potencia, opciones preprogramadas y dise\u00f1o f\u00e1cil de limpiar, es perfecto para tareas diarias como recalentar, cocinar y descongelar.<\/p>\n","protected":false},"featured_media":10730,"template":"","meta":{"_joinchat":[]},"product_brand":[],"product_cat":[184],"product_tag":[57],"class_list":{"0":"post-10729","1":"product","2":"type-product","3":"status-publish","4":"has-post-thumbnail","6":"product_cat-microondas","7":"product_tag-ge","9":"first","10":"instock","11":"shipping-taxable","12":"product-type-simple"},"_links":{"self":[{"href":"https:\/\/eltiosam.com.mx\/index.php\/wp-json\/wp\/v2\/product\/10729","targetHints":{"allow":["GET"]}}],"collection":[{"href":"https:\/\/eltiosam.com.mx\/index.php\/wp-json\/wp\/v2\/product"}],"about":[{"href":"https:\/\/eltiosam.com.mx\/index.php\/wp-json\/wp\/v2\/types\/product"}],"wp:featuredmedia":[{"embeddable":true,"href":"https:\/\/eltiosam.com.mx\/index.php\/wp-json\/wp\/v2\/media\/10730"}],"wp:attachment":[{"href":"https:\/\/eltiosam.com.mx\/index.php\/wp-json\/wp\/v2\/media?parent=10729"}],"wp:term":[{"taxonomy":"product_brand","embeddable":true,"href":"https:\/\/eltiosam.com.mx\/index.php\/wp-json\/wp\/v2\/product_brand?post=10729"},{"taxonomy":"product_cat","embeddable":true,"href":"https:\/\/eltiosam.com.mx\/index.php\/wp-json\/wp\/v2\/product_cat?post=10729"},{"taxonomy":"product_tag","embeddable":true,"href":"https:\/\/eltiosam.com.mx\/index.php\/wp-json\/wp\/v2\/product_tag?post=10729"}],"curies":[{"name":"wp","href":"https:\/\/api.w.org\/{rel}","templated":true}]}}