{"id":10695,"date":"2024-10-05T03:05:51","date_gmt":"2024-10-05T03:05:51","guid":{"rendered":"https:\/\/eltiosam.com.mx\/?post_type=product&#038;p=10695"},"modified":"2025-07-22T18:04:10","modified_gmt":"2025-07-22T18:04:10","slug":"mezcladora-extraible-magma-schocksc540","status":"publish","type":"product","link":"https:\/\/eltiosam.com.mx\/index.php\/product\/mezcladora-extraible-magma-schocksc540\/","title":{"rendered":"MEZCLADORA EXTRAIBLE MAGMA SCHOCK\tSC540"},"content":{"rendered":"<p><strong>Descripci\u00f3n:<\/strong><\/p>\n<p>La <strong>SCHOCK SC540 Mezcladora Extra\u00edble en color Magma<\/strong> combina un dise\u00f1o elegante con la funcionalidad de una boquilla extra\u00edble, ideal para facilitar las tareas diarias en el fregadero. Su acabado en tono oscuro Magma aporta un estilo moderno y resistente.<\/p>\n","protected":false},"excerpt":{"rendered":"<p>Descripci\u00f3n: La SCHOCK SC540 Mezcladora Extra\u00edble en color Magma combina un dise\u00f1o elegante con la funcionalidad de una boquilla extra\u00edble, ideal para facilitar las tareas diarias en el fregadero. Su acabado en tono oscuro Magma aporta un estilo moderno y resistente.<\/p>\n","protected":false},"featured_media":10696,"template":"","meta":{"_joinchat":[]},"product_brand":[],"product_cat":[183,42],"product_tag":[128],"class_list":{"0":"post-10695","1":"product","2":"type-product","3":"status-publish","4":"has-post-thumbnail","6":"product_cat-mezcladoras","7":"product_cat-varios","8":"product_tag-schock","10":"first","11":"instock","12":"shipping-taxable","13":"product-type-simple"},"_links":{"self":[{"href":"https:\/\/eltiosam.com.mx\/index.php\/wp-json\/wp\/v2\/product\/10695","targetHints":{"allow":["GET"]}}],"collection":[{"href":"https:\/\/eltiosam.com.mx\/index.php\/wp-json\/wp\/v2\/product"}],"about":[{"href":"https:\/\/eltiosam.com.mx\/index.php\/wp-json\/wp\/v2\/types\/product"}],"wp:featuredmedia":[{"embeddable":true,"href":"https:\/\/eltiosam.com.mx\/index.php\/wp-json\/wp\/v2\/media\/10696"}],"wp:attachment":[{"href":"https:\/\/eltiosam.com.mx\/index.php\/wp-json\/wp\/v2\/media?parent=10695"}],"wp:term":[{"taxonomy":"product_brand","embeddable":true,"href":"https:\/\/eltiosam.com.mx\/index.php\/wp-json\/wp\/v2\/product_brand?post=10695"},{"taxonomy":"product_cat","embeddable":true,"href":"https:\/\/eltiosam.com.mx\/index.php\/wp-json\/wp\/v2\/product_cat?post=10695"},{"taxonomy":"product_tag","embeddable":true,"href":"https:\/\/eltiosam.com.mx\/index.php\/wp-json\/wp\/v2\/product_tag?post=10695"}],"curies":[{"name":"wp","href":"https:\/\/api.w.org\/{rel}","templated":true}]}}