{"id":10677,"date":"2024-10-05T02:49:32","date_gmt":"2024-10-05T02:49:32","guid":{"rendered":"https:\/\/eltiosam.com.mx\/?post_type=product&#038;p=10677"},"modified":"2025-07-22T18:05:01","modified_gmt":"2025-07-22T18:05:01","slug":"mezcladora-extraible-magma-schocksc520","status":"publish","type":"product","link":"https:\/\/eltiosam.com.mx\/index.php\/product\/mezcladora-extraible-magma-schocksc520\/","title":{"rendered":"MEZCLADORA EXTRAIBLE MAGMA SCHOCK\tSC520"},"content":{"rendered":"<p><strong>Descripci\u00f3n:<\/strong><\/p>\n<p>La <strong>SCHOCK SC520 Mezcladora Extra\u00edble en color Magma<\/strong> combina un dise\u00f1o elegante y funcional con su pr\u00e1ctico acabado mate y boquilla extra\u00edble. Fabricada con materiales de alta calidad, es perfecta para quienes buscan durabilidad y estilo en su cocina.<\/p>\n","protected":false},"excerpt":{"rendered":"<p>Descripci\u00f3n: La SCHOCK SC520 Mezcladora Extra\u00edble en color Magma combina un dise\u00f1o elegante y funcional con su pr\u00e1ctico acabado mate y boquilla extra\u00edble. Fabricada con materiales de alta calidad, es perfecta para quienes buscan durabilidad y estilo en su cocina.<\/p>\n","protected":false},"featured_media":10678,"template":"","meta":{"_joinchat":[]},"product_brand":[],"product_cat":[183,42],"product_tag":[128],"class_list":{"0":"post-10677","1":"product","2":"type-product","3":"status-publish","4":"has-post-thumbnail","6":"product_cat-mezcladoras","7":"product_cat-varios","8":"product_tag-schock","10":"first","11":"instock","12":"shipping-taxable","13":"product-type-simple"},"_links":{"self":[{"href":"https:\/\/eltiosam.com.mx\/index.php\/wp-json\/wp\/v2\/product\/10677","targetHints":{"allow":["GET"]}}],"collection":[{"href":"https:\/\/eltiosam.com.mx\/index.php\/wp-json\/wp\/v2\/product"}],"about":[{"href":"https:\/\/eltiosam.com.mx\/index.php\/wp-json\/wp\/v2\/types\/product"}],"wp:featuredmedia":[{"embeddable":true,"href":"https:\/\/eltiosam.com.mx\/index.php\/wp-json\/wp\/v2\/media\/10678"}],"wp:attachment":[{"href":"https:\/\/eltiosam.com.mx\/index.php\/wp-json\/wp\/v2\/media?parent=10677"}],"wp:term":[{"taxonomy":"product_brand","embeddable":true,"href":"https:\/\/eltiosam.com.mx\/index.php\/wp-json\/wp\/v2\/product_brand?post=10677"},{"taxonomy":"product_cat","embeddable":true,"href":"https:\/\/eltiosam.com.mx\/index.php\/wp-json\/wp\/v2\/product_cat?post=10677"},{"taxonomy":"product_tag","embeddable":true,"href":"https:\/\/eltiosam.com.mx\/index.php\/wp-json\/wp\/v2\/product_tag?post=10677"}],"curies":[{"name":"wp","href":"https:\/\/api.w.org\/{rel}","templated":true}]}}