{"id":10632,"date":"2024-10-02T00:03:14","date_gmt":"2024-10-02T00:03:14","guid":{"rendered":"https:\/\/eltiosam.com.mx\/?post_type=product&#038;p=10632"},"modified":"2025-07-22T18:07:00","modified_gmt":"2025-07-22T18:07:00","slug":"tarja-1-t-mediana-y-esc-stone-schockmono-d-100-xs","status":"publish","type":"product","link":"https:\/\/eltiosam.com.mx\/index.php\/product\/tarja-1-t-mediana-y-esc-stone-schockmono-d-100-xs\/","title":{"rendered":"TARJA 1 T. MEDIANA Y ESC. STONE SCHOCK\tMONO D-100 XS"},"content":{"rendered":"<p>Descripci\u00f3n:<\/p>\n<p>La <strong>tarja SCHOCK Mono D-100 XS de 1 tina con escurridor en color Stone<\/strong> es perfecta para cocinas peque\u00f1as o medianas que buscan maximizar la funcionalidad sin comprometer el estilo. Su dise\u00f1o compacto y elegante, junto con el material duradero Cristadur\u00ae, ofrece un espacio de lavado eficiente y moderno.<\/p>\n","protected":false},"excerpt":{"rendered":"<p>Descripci\u00f3n: La tarja SCHOCK Mono D-100 XS de 1 tina con escurridor en color Stone es perfecta para cocinas peque\u00f1as o medianas que buscan maximizar la funcionalidad sin comprometer el estilo. Su dise\u00f1o compacto y elegante, junto con el material duradero Cristadur\u00ae, ofrece un espacio de lavado eficiente y moderno.<\/p>\n","protected":false},"featured_media":10633,"template":"","meta":{"_joinchat":[]},"product_brand":[],"product_cat":[47],"product_tag":[128],"class_list":{"0":"post-10632","1":"product","2":"type-product","3":"status-publish","4":"has-post-thumbnail","6":"product_cat-tarjas","7":"product_tag-schock","9":"first","10":"instock","11":"shipping-taxable","12":"product-type-simple"},"_links":{"self":[{"href":"https:\/\/eltiosam.com.mx\/index.php\/wp-json\/wp\/v2\/product\/10632","targetHints":{"allow":["GET"]}}],"collection":[{"href":"https:\/\/eltiosam.com.mx\/index.php\/wp-json\/wp\/v2\/product"}],"about":[{"href":"https:\/\/eltiosam.com.mx\/index.php\/wp-json\/wp\/v2\/types\/product"}],"wp:featuredmedia":[{"embeddable":true,"href":"https:\/\/eltiosam.com.mx\/index.php\/wp-json\/wp\/v2\/media\/10633"}],"wp:attachment":[{"href":"https:\/\/eltiosam.com.mx\/index.php\/wp-json\/wp\/v2\/media?parent=10632"}],"wp:term":[{"taxonomy":"product_brand","embeddable":true,"href":"https:\/\/eltiosam.com.mx\/index.php\/wp-json\/wp\/v2\/product_brand?post=10632"},{"taxonomy":"product_cat","embeddable":true,"href":"https:\/\/eltiosam.com.mx\/index.php\/wp-json\/wp\/v2\/product_cat?post=10632"},{"taxonomy":"product_tag","embeddable":true,"href":"https:\/\/eltiosam.com.mx\/index.php\/wp-json\/wp\/v2\/product_tag?post=10632"}],"curies":[{"name":"wp","href":"https:\/\/api.w.org\/{rel}","templated":true}]}}