{"id":10579,"date":"2024-10-01T22:53:24","date_gmt":"2024-10-01T22:53:24","guid":{"rendered":"https:\/\/eltiosam.com.mx\/?post_type=product&#038;p=10579"},"modified":"2025-12-22T17:53:02","modified_gmt":"2025-12-22T17:53:02","slug":"dispensador-de-jabon-negroeclipseesd-ng-pvd","status":"publish","type":"product","link":"https:\/\/eltiosam.com.mx\/index.php\/product\/dispensador-de-jabon-negroeclipseesd-ng-pvd\/","title":{"rendered":"DISPENSADOR DE JABON NEGRO\tECLIPSE\tESD NG PVD"},"content":{"rendered":"<p><strong>Descripci\u00f3n:<\/strong> El <strong>dispensador de jab\u00f3n Eclipse ESD NG PVD<\/strong> en color negro no solo es una soluci\u00f3n pr\u00e1ctica para tener jab\u00f3n siempre a mano, sino que tambi\u00e9n complementa cualquier cocina moderna con su elegante acabado PVD. Su durabilidad y facilidad de uso lo convierten en el accesorio perfecto para mantener la encimera organizada y sofisticada.<\/p>\n","protected":false},"excerpt":{"rendered":"<p>Descripci\u00f3n: El dispensador de jab\u00f3n Eclipse ESD NG PVD en color negro no solo es una soluci\u00f3n pr\u00e1ctica para tener jab\u00f3n siempre a mano, sino que tambi\u00e9n complementa cualquier cocina moderna con su elegante acabado PVD. Su durabilidad y facilidad de uso lo convierten en el accesorio perfecto para mantener la encimera organizada y sofisticada.<\/p>\n","protected":false},"featured_media":12919,"template":"","meta":{"_joinchat":[]},"product_brand":[],"product_cat":[158,161],"product_tag":[48],"class_list":{"0":"post-10579","1":"product","2":"type-product","3":"status-publish","4":"has-post-thumbnail","6":"product_cat-accesorios","7":"product_cat-best-selling-products","8":"product_tag-eclipse","10":"first","11":"outofstock","12":"shipping-taxable","13":"purchasable","14":"product-type-simple"},"_links":{"self":[{"href":"https:\/\/eltiosam.com.mx\/index.php\/wp-json\/wp\/v2\/product\/10579","targetHints":{"allow":["GET"]}}],"collection":[{"href":"https:\/\/eltiosam.com.mx\/index.php\/wp-json\/wp\/v2\/product"}],"about":[{"href":"https:\/\/eltiosam.com.mx\/index.php\/wp-json\/wp\/v2\/types\/product"}],"wp:featuredmedia":[{"embeddable":true,"href":"https:\/\/eltiosam.com.mx\/index.php\/wp-json\/wp\/v2\/media\/12919"}],"wp:attachment":[{"href":"https:\/\/eltiosam.com.mx\/index.php\/wp-json\/wp\/v2\/media?parent=10579"}],"wp:term":[{"taxonomy":"product_brand","embeddable":true,"href":"https:\/\/eltiosam.com.mx\/index.php\/wp-json\/wp\/v2\/product_brand?post=10579"},{"taxonomy":"product_cat","embeddable":true,"href":"https:\/\/eltiosam.com.mx\/index.php\/wp-json\/wp\/v2\/product_cat?post=10579"},{"taxonomy":"product_tag","embeddable":true,"href":"https:\/\/eltiosam.com.mx\/index.php\/wp-json\/wp\/v2\/product_tag?post=10579"}],"curies":[{"name":"wp","href":"https:\/\/api.w.org\/{rel}","templated":true}]}}