{"id":10414,"date":"2024-09-18T03:55:03","date_gmt":"2024-09-18T03:55:03","guid":{"rendered":"https:\/\/eltiosam.com.mx\/?post_type=product&#038;p=10414"},"modified":"2025-07-17T23:02:30","modified_gmt":"2025-07-17T23:02:30","slug":"mezcl-toda-presion-satinada-eb-eb-1014l","status":"publish","type":"product","link":"https:\/\/eltiosam.com.mx\/index.php\/product\/mezcl-toda-presion-satinada-eb-eb-1014l\/","title":{"rendered":"MEZCL. TODA PRESION SATINADA EB EB-1014L"},"content":{"rendered":"<p><strong>Descripci\u00f3n:<\/strong><\/p>\n<p>La mezcladora EB-1014L, con acabado satinado, es una opci\u00f3n vers\u00e1til y elegante para todo tipo de presiones de agua, ideal para un uso eficiente y moderno en cocina o ba\u00f1o.<\/p>\n<p>&nbsp;<\/p>\n","protected":false},"excerpt":{"rendered":"<p>Descripci\u00f3n: La mezcladora EB-1014L, con acabado satinado, es una opci\u00f3n vers\u00e1til y elegante para todo tipo de presiones de agua, ideal para un uso eficiente y moderno en cocina o ba\u00f1o. &nbsp;<\/p>\n","protected":false},"featured_media":10415,"template":"","meta":{"_joinchat":[]},"product_brand":[],"product_cat":[183,42],"product_tag":[44],"class_list":{"0":"post-10414","1":"product","2":"type-product","3":"status-publish","4":"has-post-thumbnail","6":"product_cat-mezcladoras","7":"product_cat-varios","8":"product_tag-eb","10":"first","11":"instock","12":"shipping-taxable","13":"product-type-simple"},"_links":{"self":[{"href":"https:\/\/eltiosam.com.mx\/index.php\/wp-json\/wp\/v2\/product\/10414","targetHints":{"allow":["GET"]}}],"collection":[{"href":"https:\/\/eltiosam.com.mx\/index.php\/wp-json\/wp\/v2\/product"}],"about":[{"href":"https:\/\/eltiosam.com.mx\/index.php\/wp-json\/wp\/v2\/types\/product"}],"wp:featuredmedia":[{"embeddable":true,"href":"https:\/\/eltiosam.com.mx\/index.php\/wp-json\/wp\/v2\/media\/10415"}],"wp:attachment":[{"href":"https:\/\/eltiosam.com.mx\/index.php\/wp-json\/wp\/v2\/media?parent=10414"}],"wp:term":[{"taxonomy":"product_brand","embeddable":true,"href":"https:\/\/eltiosam.com.mx\/index.php\/wp-json\/wp\/v2\/product_brand?post=10414"},{"taxonomy":"product_cat","embeddable":true,"href":"https:\/\/eltiosam.com.mx\/index.php\/wp-json\/wp\/v2\/product_cat?post=10414"},{"taxonomy":"product_tag","embeddable":true,"href":"https:\/\/eltiosam.com.mx\/index.php\/wp-json\/wp\/v2\/product_tag?post=10414"}],"curies":[{"name":"wp","href":"https:\/\/api.w.org\/{rel}","templated":true}]}}