{"id":10395,"date":"2024-09-18T03:32:23","date_gmt":"2024-09-18T03:32:23","guid":{"rendered":"https:\/\/eltiosam.com.mx\/?post_type=product&#038;p=10395"},"modified":"2025-07-17T23:02:50","modified_gmt":"2025-07-17T23:02:50","slug":"mezclad-baja-y-alta-presion-eb-eb-1008","status":"publish","type":"product","link":"https:\/\/eltiosam.com.mx\/index.php\/product\/mezclad-baja-y-alta-presion-eb-eb-1008\/","title":{"rendered":"MEZCLAD. BAJA Y ALTA PRESION EB EB-1008"},"content":{"rendered":"<p><strong>Descripci\u00f3n:<\/strong><\/p>\n<p>El mezclador EB-1008 es perfecto para cualquier instalaci\u00f3n de cocina o ba\u00f1o, compatible con sistemas de baja y alta presi\u00f3n, garantizando un flujo de agua constante y eficiente.<\/p>\n<p>&nbsp;<\/p>\n","protected":false},"excerpt":{"rendered":"<p>Descripci\u00f3n: El mezclador EB-1008 es perfecto para cualquier instalaci\u00f3n de cocina o ba\u00f1o, compatible con sistemas de baja y alta presi\u00f3n, garantizando un flujo de agua constante y eficiente. &nbsp;<\/p>\n","protected":false},"featured_media":10397,"template":"","meta":{"_joinchat":[]},"product_brand":[],"product_cat":[183,42],"product_tag":[44],"class_list":{"0":"post-10395","1":"product","2":"type-product","3":"status-publish","4":"has-post-thumbnail","6":"product_cat-mezcladoras","7":"product_cat-varios","8":"product_tag-eb","10":"first","11":"instock","12":"shipping-taxable","13":"product-type-simple"},"_links":{"self":[{"href":"https:\/\/eltiosam.com.mx\/index.php\/wp-json\/wp\/v2\/product\/10395","targetHints":{"allow":["GET"]}}],"collection":[{"href":"https:\/\/eltiosam.com.mx\/index.php\/wp-json\/wp\/v2\/product"}],"about":[{"href":"https:\/\/eltiosam.com.mx\/index.php\/wp-json\/wp\/v2\/types\/product"}],"wp:featuredmedia":[{"embeddable":true,"href":"https:\/\/eltiosam.com.mx\/index.php\/wp-json\/wp\/v2\/media\/10397"}],"wp:attachment":[{"href":"https:\/\/eltiosam.com.mx\/index.php\/wp-json\/wp\/v2\/media?parent=10395"}],"wp:term":[{"taxonomy":"product_brand","embeddable":true,"href":"https:\/\/eltiosam.com.mx\/index.php\/wp-json\/wp\/v2\/product_brand?post=10395"},{"taxonomy":"product_cat","embeddable":true,"href":"https:\/\/eltiosam.com.mx\/index.php\/wp-json\/wp\/v2\/product_cat?post=10395"},{"taxonomy":"product_tag","embeddable":true,"href":"https:\/\/eltiosam.com.mx\/index.php\/wp-json\/wp\/v2\/product_tag?post=10395"}],"curies":[{"name":"wp","href":"https:\/\/api.w.org\/{rel}","templated":true}]}}