{"id":10204,"date":"2024-09-10T03:19:31","date_gmt":"2024-09-10T03:19:31","guid":{"rendered":"https:\/\/eltiosam.com.mx\/?post_type=product&#038;p=10204"},"modified":"2024-09-18T02:50:56","modified_gmt":"2024-09-18T02:50:56","slug":"cava-para-46-botellas-inox-cafe-ccp06dp2ps1","status":"publish","type":"product","link":"https:\/\/eltiosam.com.mx\/index.php\/product\/cava-para-46-botellas-inox-cafe-ccp06dp2ps1\/","title":{"rendered":"CAVA DE VINOS 46 BOTELLAS CAF\u00c9 CCP06DP2PS1"},"content":{"rendered":"<div class=\"flex-1 overflow-hidden\">\n<div class=\"react-scroll-to-bottom--css-imjre-79elbk h-full\">\n<div class=\"react-scroll-to-bottom--css-imjre-1n7m0yu\">\n<div class=\"flex flex-col pb-9 text-sm\">\n<div class=\"w-full text-token-text-primary\" data-testid=\"conversation-turn-117\">\n<div class=\"px-4 py-2 justify-center text-base md:gap-6 m-auto\">\n<div class=\"flex flex-1 text-base mx-auto gap-3 md:px-5 lg:px-1 xl:px-5 md:max-w-3xl lg:max-w-[40rem] xl:max-w-[48rem] group final-completion\">\n<div class=\"relative flex w-full flex-col lg:w-[calc(100%-115px)] agent-turn\">\n<div class=\"flex-col gap-1 md:gap-3\">\n<div class=\"flex flex-grow flex-col max-w-full\">\n<div class=\"min-h-[20px] text-message flex flex-col items-start gap-3 whitespace-pre-wrap break-words [.text-message+&amp;]:mt-5 overflow-x-auto\" data-message-author-role=\"assistant\" data-message-id=\"c6b89ff6-1201-454b-af96-f2287ac0f6f1\">\n<div class=\"markdown prose w-full break-words dark:prose-invert light\">\n<p><strong>Descripci\u00f3n del producto:<\/strong><\/p>\n<p>La <strong>cava de vinos CAF\u00c9 CCP06DP2PS1<\/strong> no solo es un electrodom\u00e9stico funcional, sino tambi\u00e9n una pieza de dise\u00f1o que complementa perfectamente cualquier cocina o bar moderno. Su capacidad para <strong>46 botellas<\/strong>, control de temperatura dual y sistema de enfriamiento silencioso la convierten en la opci\u00f3n ideal para quienes desean almacenar sus vinos en las mejores condiciones posibles, mientras mantienen un estilo sofisticado.<\/p>\n<\/div>\n<\/div>\n<\/div>\n<div class=\"mt-1 flex justify-start gap-3 empty:hidden\"><\/div>\n<\/div>\n<\/div>\n<\/div>\n<\/div>\n<\/div>\n<\/div>\n<\/div>\n<\/div>\n<\/div>\n","protected":false},"excerpt":{"rendered":"<p>Descripci\u00f3n del producto: La cava de vinos CAF\u00c9 CCP06DP2PS1 no solo es un electrodom\u00e9stico funcional, sino tambi\u00e9n una pieza de dise\u00f1o que complementa perfectamente cualquier cocina o bar moderno. Su capacidad para 46 botellas, control de temperatura dual y sistema de enfriamiento silencioso la convierten en la opci\u00f3n ideal para quienes desean almacenar sus vinos [&hellip;]<\/p>\n","protected":false},"featured_media":10205,"template":"","meta":{"_joinchat":[]},"product_brand":[],"product_cat":[164],"product_tag":[231],"class_list":{"0":"post-10204","1":"product","2":"type-product","3":"status-publish","4":"has-post-thumbnail","6":"product_cat-cavas","7":"product_tag-cafe","9":"first","10":"instock","11":"shipping-taxable","12":"product-type-simple"},"_links":{"self":[{"href":"https:\/\/eltiosam.com.mx\/index.php\/wp-json\/wp\/v2\/product\/10204","targetHints":{"allow":["GET"]}}],"collection":[{"href":"https:\/\/eltiosam.com.mx\/index.php\/wp-json\/wp\/v2\/product"}],"about":[{"href":"https:\/\/eltiosam.com.mx\/index.php\/wp-json\/wp\/v2\/types\/product"}],"wp:featuredmedia":[{"embeddable":true,"href":"https:\/\/eltiosam.com.mx\/index.php\/wp-json\/wp\/v2\/media\/10205"}],"wp:attachment":[{"href":"https:\/\/eltiosam.com.mx\/index.php\/wp-json\/wp\/v2\/media?parent=10204"}],"wp:term":[{"taxonomy":"product_brand","embeddable":true,"href":"https:\/\/eltiosam.com.mx\/index.php\/wp-json\/wp\/v2\/product_brand?post=10204"},{"taxonomy":"product_cat","embeddable":true,"href":"https:\/\/eltiosam.com.mx\/index.php\/wp-json\/wp\/v2\/product_cat?post=10204"},{"taxonomy":"product_tag","embeddable":true,"href":"https:\/\/eltiosam.com.mx\/index.php\/wp-json\/wp\/v2\/product_tag?post=10204"}],"curies":[{"name":"wp","href":"https:\/\/api.w.org\/{rel}","templated":true}]}}