{"id":10119,"date":"2024-09-06T03:43:25","date_gmt":"2024-09-06T03:43:25","guid":{"rendered":"https:\/\/eltiosam.com.mx\/?post_type=product&#038;p=10119"},"modified":"2024-09-06T03:49:06","modified_gmt":"2024-09-06T03:49:06","slug":"estufa-gas-36-6q-inox-cafecgy366p2ts1","status":"publish","type":"product","link":"https:\/\/eltiosam.com.mx\/index.php\/product\/estufa-gas-36-6q-inox-cafecgy366p2ts1\/","title":{"rendered":"ESTUFA GAS 36&#8243; 6Q. INOX. CAF\u00c9\tCGY366P2TS1"},"content":{"rendered":"<p><strong>Descripci\u00f3n:<\/strong> La <strong>Caf\u00e9 CGY366P2TS1<\/strong> es una estufa de gas de 36 pulgadas en acero inoxidable con 6 quemadores, horno con convecci\u00f3n, control de temperatura digital y encendido electr\u00f3nico para una cocina eficiente y elegante.<\/p>\n","protected":false},"excerpt":{"rendered":"<p>Descripci\u00f3n: La Caf\u00e9 CGY366P2TS1 es una estufa de gas de 36 pulgadas en acero inoxidable con 6 quemadores, horno con convecci\u00f3n, control de temperatura digital y encendido electr\u00f3nico para una cocina eficiente y elegante.<\/p>\n","protected":false},"featured_media":10120,"template":"","meta":{"_joinchat":[]},"product_brand":[],"product_cat":[29,62],"product_tag":[231],"class_list":{"0":"post-10119","1":"product","2":"type-product","3":"status-publish","4":"has-post-thumbnail","6":"product_cat-coccion","7":"product_cat-estufas","8":"product_tag-cafe","10":"first","11":"instock","12":"shipping-taxable","13":"product-type-simple"},"_links":{"self":[{"href":"https:\/\/eltiosam.com.mx\/index.php\/wp-json\/wp\/v2\/product\/10119","targetHints":{"allow":["GET"]}}],"collection":[{"href":"https:\/\/eltiosam.com.mx\/index.php\/wp-json\/wp\/v2\/product"}],"about":[{"href":"https:\/\/eltiosam.com.mx\/index.php\/wp-json\/wp\/v2\/types\/product"}],"wp:featuredmedia":[{"embeddable":true,"href":"https:\/\/eltiosam.com.mx\/index.php\/wp-json\/wp\/v2\/media\/10120"}],"wp:attachment":[{"href":"https:\/\/eltiosam.com.mx\/index.php\/wp-json\/wp\/v2\/media?parent=10119"}],"wp:term":[{"taxonomy":"product_brand","embeddable":true,"href":"https:\/\/eltiosam.com.mx\/index.php\/wp-json\/wp\/v2\/product_brand?post=10119"},{"taxonomy":"product_cat","embeddable":true,"href":"https:\/\/eltiosam.com.mx\/index.php\/wp-json\/wp\/v2\/product_cat?post=10119"},{"taxonomy":"product_tag","embeddable":true,"href":"https:\/\/eltiosam.com.mx\/index.php\/wp-json\/wp\/v2\/product_tag?post=10119"}],"curies":[{"name":"wp","href":"https:\/\/api.w.org\/{rel}","templated":true}]}}