{"id":10107,"date":"2024-09-06T03:18:36","date_gmt":"2024-09-06T03:18:36","guid":{"rendered":"https:\/\/eltiosam.com.mx\/?post_type=product&#038;p=10107"},"modified":"2024-09-18T02:43:18","modified_gmt":"2024-09-18T02:43:18","slug":"cafetera-automatica-220v-asko-cm8477s","status":"publish","type":"product","link":"https:\/\/eltiosam.com.mx\/index.php\/product\/cafetera-automatica-220v-asko-cm8477s\/","title":{"rendered":"CAFETERA EMPOTRABLE 24&#8243; ASKO CM8477S"},"content":{"rendered":"<p><strong>Descripci\u00f3n del producto:<\/strong><\/p>\n<p>El <strong>ASKO CM8477S<\/strong> es una cafetera autom\u00e1tica de 220V con un dise\u00f1o elegante en acero inoxidable, que ofrece una interfaz digital intuitiva, un molinillo integrado para granos frescos, y un espumador de leche para preparar caf\u00e9s expreso, cappuccinos y lattes con facilidad.<\/p>\n","protected":false},"excerpt":{"rendered":"<p>Descripci\u00f3n del producto: El ASKO CM8477S es una cafetera autom\u00e1tica de 220V con un dise\u00f1o elegante en acero inoxidable, que ofrece una interfaz digital intuitiva, un molinillo integrado para granos frescos, y un espumador de leche para preparar caf\u00e9s expreso, cappuccinos y lattes con facilidad.<\/p>\n","protected":false},"featured_media":10108,"template":"","meta":{"_joinchat":[]},"product_brand":[],"product_cat":[224],"product_tag":[77],"class_list":{"0":"post-10107","1":"product","2":"type-product","3":"status-publish","4":"has-post-thumbnail","6":"product_cat-cafeteras","7":"product_tag-asko","9":"first","10":"instock","11":"shipping-taxable","12":"product-type-simple"},"_links":{"self":[{"href":"https:\/\/eltiosam.com.mx\/index.php\/wp-json\/wp\/v2\/product\/10107","targetHints":{"allow":["GET"]}}],"collection":[{"href":"https:\/\/eltiosam.com.mx\/index.php\/wp-json\/wp\/v2\/product"}],"about":[{"href":"https:\/\/eltiosam.com.mx\/index.php\/wp-json\/wp\/v2\/types\/product"}],"wp:featuredmedia":[{"embeddable":true,"href":"https:\/\/eltiosam.com.mx\/index.php\/wp-json\/wp\/v2\/media\/10108"}],"wp:attachment":[{"href":"https:\/\/eltiosam.com.mx\/index.php\/wp-json\/wp\/v2\/media?parent=10107"}],"wp:term":[{"taxonomy":"product_brand","embeddable":true,"href":"https:\/\/eltiosam.com.mx\/index.php\/wp-json\/wp\/v2\/product_brand?post=10107"},{"taxonomy":"product_cat","embeddable":true,"href":"https:\/\/eltiosam.com.mx\/index.php\/wp-json\/wp\/v2\/product_cat?post=10107"},{"taxonomy":"product_tag","embeddable":true,"href":"https:\/\/eltiosam.com.mx\/index.php\/wp-json\/wp\/v2\/product_tag?post=10107"}],"curies":[{"name":"wp","href":"https:\/\/api.w.org\/{rel}","templated":true}]}}